{"id":2747,"date":"2026-02-19T01:54:39","date_gmt":"2026-02-19T01:54:39","guid":{"rendered":"https:\/\/daritek.com\/?post_type=product&#038;p=2747"},"modified":"2026-02-19T01:54:39","modified_gmt":"2026-02-19T01:54:39","slug":"bras-mixeur-en-acier-inoxydable-200w-sonashi-shb-182","status":"publish","type":"product","link":"https:\/\/daritek.com\/?product=bras-mixeur-en-acier-inoxydable-200w-sonashi-shb-182","title":{"rendered":"Bras Mixeur en Acier Inoxydable 200W Sonashi SHB-182"},"content":{"rendered":"<h3><strong>Bras Mixeur en Acier Inoxydable 200W Sonashi SHB-182<\/strong><\/h3>\n<p>Bras Mixeur performant pour r\u00e9ussir toutes vos pr\u00e9parations: potages, compotes, p\u00e2tes \u00e0 cr\u00eapes\u2026Facile \u00e0 manipuler, appr\u00e9cierez son piedm\u00e9tal d\u00e9tachable, pratique pour le nettoyage Facile \u00e0 nettoyer et \u00e0 rangergr\u00e2ce au pied amovible. Le corps au design \u00e9l\u00e9gant s\u2019int\u00e8gre parfaitement dans chaque int\u00e9rieur de cuisine. avec 2 options de vitesse diff\u00e9rentes. Dispose d\u2019un faible bruit et d\u2019une faible consommation d\u2019\u00e9nergie.<\/p>\n<ul>\n<li>Puissance de 200W.<\/li>\n<li>Mixeur en acier inoxydable.<\/li>\n<li>Deux Options de vitesse diff\u00e9rentes.<\/li>\n<li>Se d\u00e9monte pour un nettoyage facile.<\/li>\n<li>Faible bruit et faible consommation d\u2019\u00e9nergie.<\/li>\n<\/ul>\n<p><img fetchpriority=\"high\" decoding=\"async\" class=\"alignnone size-medium wp-image-2749\" src=\"https:\/\/daritek.com\/wp-content\/uploads\/2026\/02\/gvc.product.image_.1725119011010.6b366e17-fe77-4b39-b26b-8304dbb82d90-400x400.jpeg\" alt=\"\" width=\"400\" height=\"400\" srcset=\"https:\/\/daritek.com\/wp-content\/uploads\/2026\/02\/gvc.product.image_.1725119011010.6b366e17-fe77-4b39-b26b-8304dbb82d90-400x400.jpeg 400w, https:\/\/daritek.com\/wp-content\/uploads\/2026\/02\/gvc.product.image_.1725119011010.6b366e17-fe77-4b39-b26b-8304dbb82d90-800x800.jpeg 800w, https:\/\/daritek.com\/wp-content\/uploads\/2026\/02\/gvc.product.image_.1725119011010.6b366e17-fe77-4b39-b26b-8304dbb82d90-280x280.jpeg 280w, https:\/\/daritek.com\/wp-content\/uploads\/2026\/02\/gvc.product.image_.1725119011010.6b366e17-fe77-4b39-b26b-8304dbb82d90-768x768.jpeg 768w, https:\/\/daritek.com\/wp-content\/uploads\/2026\/02\/gvc.product.image_.1725119011010.6b366e17-fe77-4b39-b26b-8304dbb82d90-1000x1000.jpeg 1000w, https:\/\/daritek.com\/wp-content\/uploads\/2026\/02\/gvc.product.image_.1725119011010.6b366e17-fe77-4b39-b26b-8304dbb82d90-100x100.jpeg 100w, https:\/\/daritek.com\/wp-content\/uploads\/2026\/02\/gvc.product.image_.1725119011010.6b366e17-fe77-4b39-b26b-8304dbb82d90.jpeg 1080w\" sizes=\"(max-width: 400px) 100vw, 400px\" \/> <img decoding=\"async\" class=\"alignnone size-medium wp-image-2750\" src=\"https:\/\/daritek.com\/wp-content\/uploads\/2026\/02\/gvc.product.image_.1725119014896.3afaeed6-65d6-49e1-a3d7-bb129a2df1cd-400x400.jpeg\" alt=\"\" width=\"400\" height=\"400\" srcset=\"https:\/\/daritek.com\/wp-content\/uploads\/2026\/02\/gvc.product.image_.1725119014896.3afaeed6-65d6-49e1-a3d7-bb129a2df1cd-400x400.jpeg 400w, https:\/\/daritek.com\/wp-content\/uploads\/2026\/02\/gvc.product.image_.1725119014896.3afaeed6-65d6-49e1-a3d7-bb129a2df1cd-800x800.jpeg 800w, https:\/\/daritek.com\/wp-content\/uploads\/2026\/02\/gvc.product.image_.1725119014896.3afaeed6-65d6-49e1-a3d7-bb129a2df1cd-280x280.jpeg 280w, https:\/\/daritek.com\/wp-content\/uploads\/2026\/02\/gvc.product.image_.1725119014896.3afaeed6-65d6-49e1-a3d7-bb129a2df1cd-768x768.jpeg 768w, https:\/\/daritek.com\/wp-content\/uploads\/2026\/02\/gvc.product.image_.1725119014896.3afaeed6-65d6-49e1-a3d7-bb129a2df1cd-1000x1000.jpeg 1000w, https:\/\/daritek.com\/wp-content\/uploads\/2026\/02\/gvc.product.image_.1725119014896.3afaeed6-65d6-49e1-a3d7-bb129a2df1cd-100x100.jpeg 100w, https:\/\/daritek.com\/wp-content\/uploads\/2026\/02\/gvc.product.image_.1725119014896.3afaeed6-65d6-49e1-a3d7-bb129a2df1cd.jpeg 1080w\" sizes=\"(max-width: 400px) 100vw, 400px\" \/><\/p>\n<p><img decoding=\"async\" class=\"alignnone size-medium wp-image-2751\" src=\"https:\/\/daritek.com\/wp-content\/uploads\/2026\/02\/gvc.product.image_.1725119017929.67d3475a-4426-48d0-986b-f181a575d6d3-400x400.jpeg\" alt=\"\" width=\"400\" height=\"400\" srcset=\"https:\/\/daritek.com\/wp-content\/uploads\/2026\/02\/gvc.product.image_.1725119017929.67d3475a-4426-48d0-986b-f181a575d6d3-400x400.jpeg 400w, https:\/\/daritek.com\/wp-content\/uploads\/2026\/02\/gvc.product.image_.1725119017929.67d3475a-4426-48d0-986b-f181a575d6d3-800x800.jpeg 800w, https:\/\/daritek.com\/wp-content\/uploads\/2026\/02\/gvc.product.image_.1725119017929.67d3475a-4426-48d0-986b-f181a575d6d3-280x280.jpeg 280w, https:\/\/daritek.com\/wp-content\/uploads\/2026\/02\/gvc.product.image_.1725119017929.67d3475a-4426-48d0-986b-f181a575d6d3-768x768.jpeg 768w, https:\/\/daritek.com\/wp-content\/uploads\/2026\/02\/gvc.product.image_.1725119017929.67d3475a-4426-48d0-986b-f181a575d6d3-1000x1000.jpeg 1000w, https:\/\/daritek.com\/wp-content\/uploads\/2026\/02\/gvc.product.image_.1725119017929.67d3475a-4426-48d0-986b-f181a575d6d3-100x100.jpeg 100w, https:\/\/daritek.com\/wp-content\/uploads\/2026\/02\/gvc.product.image_.1725119017929.67d3475a-4426-48d0-986b-f181a575d6d3.jpeg 1080w\" sizes=\"(max-width: 400px) 100vw, 400px\" \/> <img loading=\"lazy\" decoding=\"async\" class=\"alignnone size-medium wp-image-2752\" src=\"https:\/\/daritek.com\/wp-content\/uploads\/2026\/02\/gvc.product.image_.1725119022447.b54e7df4-17d2-4204-8611-c946bcc4fd66-400x400.jpeg\" alt=\"\" width=\"400\" height=\"400\" srcset=\"https:\/\/daritek.com\/wp-content\/uploads\/2026\/02\/gvc.product.image_.1725119022447.b54e7df4-17d2-4204-8611-c946bcc4fd66-400x400.jpeg 400w, https:\/\/daritek.com\/wp-content\/uploads\/2026\/02\/gvc.product.image_.1725119022447.b54e7df4-17d2-4204-8611-c946bcc4fd66-800x800.jpeg 800w, https:\/\/daritek.com\/wp-content\/uploads\/2026\/02\/gvc.product.image_.1725119022447.b54e7df4-17d2-4204-8611-c946bcc4fd66-280x280.jpeg 280w, https:\/\/daritek.com\/wp-content\/uploads\/2026\/02\/gvc.product.image_.1725119022447.b54e7df4-17d2-4204-8611-c946bcc4fd66-768x768.jpeg 768w, https:\/\/daritek.com\/wp-content\/uploads\/2026\/02\/gvc.product.image_.1725119022447.b54e7df4-17d2-4204-8611-c946bcc4fd66-1000x1000.jpeg 1000w, https:\/\/daritek.com\/wp-content\/uploads\/2026\/02\/gvc.product.image_.1725119022447.b54e7df4-17d2-4204-8611-c946bcc4fd66-100x100.jpeg 100w, https:\/\/daritek.com\/wp-content\/uploads\/2026\/02\/gvc.product.image_.1725119022447.b54e7df4-17d2-4204-8611-c946bcc4fd66.jpeg 1080w\" sizes=\"(max-width: 400px) 100vw, 400px\" \/><\/p>\n<h3>Caract\u00e9ristiques techniques<\/h3>\n<table class=\"tech-specs\" style=\"width: 100%; border-collapse: collapse;\">\n<tbody>\n<tr>\n<th style=\"text-align: left; padding: 8px; border-bottom: 1px solid #eee;\">TYPE<\/th>\n<td style=\"padding: 8px; border-bottom: 1px solid #eee;\">Bras Mixeur<\/td>\n<\/tr>\n<tr>\n<th style=\"text-align: left; padding: 8px; border-bottom: 1px solid #eee;\">Marque<\/th>\n<td style=\"padding: 8px; border-bottom: 1px solid #eee;\">Sonashi<\/td>\n<\/tr>\n<tr>\n<th style=\"text-align: left; padding: 8px; border-bottom: 1px solid #eee;\">R\u00e9f\u00e9rence<\/th>\n<td style=\"padding: 8px; border-bottom: 1px solid #eee;\">SHB-182<\/td>\n<\/tr>\n<tr>\n<th style=\"text-align: left; padding: 8px; border-bottom: 1px solid #eee;\">PUISSANCE<\/th>\n<td style=\"padding: 8px; border-bottom: 1px solid #eee;\">200W<\/td>\n<\/tr>\n<tr>\n<th style=\"text-align: left; padding: 8px; border-bottom: 1px solid #eee;\">Nombre De Vitesses<\/th>\n<td style=\"padding: 8px; border-bottom: 1px solid #eee;\">2 Vitesses<\/td>\n<\/tr>\n<tr>\n<th style=\"text-align: left; padding: 8px; border-bottom: 1px solid #eee;\">Mateire<\/th>\n<td style=\"padding: 8px; border-bottom: 1px solid #eee;\">\u00a0En Acier Inoxydable et Plastique<\/td>\n<\/tr>\n<\/tbody>\n<\/table>\n","protected":false},"excerpt":{"rendered":"<ul>\n<li>Puissance de 200W.<\/li>\n<li>Mixeur en acier inoxydable.<\/li>\n<li>Deux Options de vitesse diff\u00e9rentes.<\/li>\n<li>Se d\u00e9monte pour un nettoyage facile.<\/li>\n<li>Faible bruit et faible consommation d\u2019\u00e9nergie.<\/li>\n<\/ul>\n","protected":false},"featured_media":2748,"comment_status":"open","ping_status":"closed","template":"","meta":{"_crdt_document":""},"product_brand":[756],"product_cat":[84,295,265],"product_tag":[],"class_list":{"0":"post-2747","1":"product","2":"type-product","3":"status-publish","4":"has-post-thumbnail","6":"product_brand-sonashi","7":"product_cat-electromenager","8":"product_cat-mixeur-plongeant","9":"product_cat-petit-electromenager","11":"first","12":"instock","13":"sale","14":"shipping-taxable","15":"purchasable","16":"product-type-simple"},"jetpack_sharing_enabled":true,"_links":{"self":[{"href":"https:\/\/daritek.com\/index.php?rest_route=\/wp\/v2\/product\/2747","targetHints":{"allow":["GET"]}}],"collection":[{"href":"https:\/\/daritek.com\/index.php?rest_route=\/wp\/v2\/product"}],"about":[{"href":"https:\/\/daritek.com\/index.php?rest_route=\/wp\/v2\/types\/product"}],"replies":[{"embeddable":true,"href":"https:\/\/daritek.com\/index.php?rest_route=%2Fwp%2Fv2%2Fcomments&post=2747"}],"wp:featuredmedia":[{"embeddable":true,"href":"https:\/\/daritek.com\/index.php?rest_route=\/wp\/v2\/media\/2748"}],"wp:attachment":[{"href":"https:\/\/daritek.com\/index.php?rest_route=%2Fwp%2Fv2%2Fmedia&parent=2747"}],"wp:term":[{"taxonomy":"product_brand","embeddable":true,"href":"https:\/\/daritek.com\/index.php?rest_route=%2Fwp%2Fv2%2Fproduct_brand&post=2747"},{"taxonomy":"product_cat","embeddable":true,"href":"https:\/\/daritek.com\/index.php?rest_route=%2Fwp%2Fv2%2Fproduct_cat&post=2747"},{"taxonomy":"product_tag","embeddable":true,"href":"https:\/\/daritek.com\/index.php?rest_route=%2Fwp%2Fv2%2Fproduct_tag&post=2747"}],"curies":[{"name":"wp","href":"https:\/\/api.w.org\/{rel}","templated":true}]}}