{"id":2760,"date":"2026-02-19T02:10:59","date_gmt":"2026-02-19T02:10:59","guid":{"rendered":"https:\/\/daritek.com\/?post_type=product&#038;p=2760"},"modified":"2026-02-19T02:10:59","modified_gmt":"2026-02-19T02:10:59","slug":"bras-mixeur-1000w-700ml-inox-silvercrest-hb6412a","status":"publish","type":"product","link":"https:\/\/daritek.com\/?product=bras-mixeur-1000w-700ml-inox-silvercrest-hb6412a","title":{"rendered":"Bras Mixeur 1000W 700ml Inox SilverCrest HB6412A"},"content":{"rendered":"<h3><strong>Bras Mixeur 1000W 700ml Inox SilverCrest HB6412A<\/strong><\/h3>\n<p>Le mixeur HB6412A de Silver Crust pour les desserts vos soupes , cr\u00e9mes\u00a0 et diverses t\u00e2ches n\u00e9cessaires en cuisine est tout ce dont vous avez besoin pour accomplir des t\u00e2ches avec une extr\u00eame pr\u00e9cision et une vitesse \u00e9lev\u00e9e. Il est \u00e9galement dot\u00e9 d\u2019une puissance de 1000 watts.<span class=\"a-list-item\">M\u00e9langez, mixez, hachez, broyez, p\u00e9trissez facilement ,appuyez sur le bouton variable en continu . m\u00eame les ingr\u00e9dients les plus difficiles peuvent \u00eatre travaill\u00e9s tr\u00e8s rapidement et facilement. Laissez ainsi libre cours \u00e0 votre imagination culinaire.!<\/span><\/p>\n<ul>\n<li>Moteur de 1000 watts.<\/li>\n<li>Bol en plastique de 700 ml.<\/li>\n<li>Corps et Lames Lames tranchantes et performantes en acier inoxydable.<\/li>\n<li>Design distinctif et confortable \u00e0 utiliser.<\/li>\n<\/ul>\n<p><img fetchpriority=\"high\" decoding=\"async\" class=\"alignnone size-medium wp-image-2761\" src=\"https:\/\/daritek.com\/wp-content\/uploads\/2026\/02\/gvc.product.image_.1730398454606.75687b70-28ef-42a3-baf0-cafaf1012df1-400x400.png\" alt=\"\" width=\"400\" height=\"400\" srcset=\"https:\/\/daritek.com\/wp-content\/uploads\/2026\/02\/gvc.product.image_.1730398454606.75687b70-28ef-42a3-baf0-cafaf1012df1-400x400.png 400w, https:\/\/daritek.com\/wp-content\/uploads\/2026\/02\/gvc.product.image_.1730398454606.75687b70-28ef-42a3-baf0-cafaf1012df1-280x280.png 280w, https:\/\/daritek.com\/wp-content\/uploads\/2026\/02\/gvc.product.image_.1730398454606.75687b70-28ef-42a3-baf0-cafaf1012df1-100x100.png 100w, https:\/\/daritek.com\/wp-content\/uploads\/2026\/02\/gvc.product.image_.1730398454606.75687b70-28ef-42a3-baf0-cafaf1012df1.png 500w\" sizes=\"(max-width: 400px) 100vw, 400px\" \/> <img decoding=\"async\" class=\"alignnone size-medium wp-image-2763\" src=\"https:\/\/daritek.com\/wp-content\/uploads\/2026\/02\/gvc.product.image_.1730398468509.3285b625-4f71-498f-a23f-ab3d93d39bcf-400x400.jpeg\" alt=\"\" width=\"400\" height=\"400\" srcset=\"https:\/\/daritek.com\/wp-content\/uploads\/2026\/02\/gvc.product.image_.1730398468509.3285b625-4f71-498f-a23f-ab3d93d39bcf-400x400.jpeg 400w, https:\/\/daritek.com\/wp-content\/uploads\/2026\/02\/gvc.product.image_.1730398468509.3285b625-4f71-498f-a23f-ab3d93d39bcf-800x800.jpeg 800w, https:\/\/daritek.com\/wp-content\/uploads\/2026\/02\/gvc.product.image_.1730398468509.3285b625-4f71-498f-a23f-ab3d93d39bcf-280x280.jpeg 280w, https:\/\/daritek.com\/wp-content\/uploads\/2026\/02\/gvc.product.image_.1730398468509.3285b625-4f71-498f-a23f-ab3d93d39bcf-768x768.jpeg 768w, https:\/\/daritek.com\/wp-content\/uploads\/2026\/02\/gvc.product.image_.1730398468509.3285b625-4f71-498f-a23f-ab3d93d39bcf-100x100.jpeg 100w, https:\/\/daritek.com\/wp-content\/uploads\/2026\/02\/gvc.product.image_.1730398468509.3285b625-4f71-498f-a23f-ab3d93d39bcf.jpeg 1000w\" sizes=\"(max-width: 400px) 100vw, 400px\" \/><\/p>\n<p><img decoding=\"async\" class=\"alignnone size-medium wp-image-2764\" src=\"https:\/\/daritek.com\/wp-content\/uploads\/2026\/02\/gvc.product.image_.1730398472325.68c816c1-be23-4cdf-b357-f33cc0890c22-400x400.jpeg\" alt=\"\" width=\"400\" height=\"400\" srcset=\"https:\/\/daritek.com\/wp-content\/uploads\/2026\/02\/gvc.product.image_.1730398472325.68c816c1-be23-4cdf-b357-f33cc0890c22-400x400.jpeg 400w, https:\/\/daritek.com\/wp-content\/uploads\/2026\/02\/gvc.product.image_.1730398472325.68c816c1-be23-4cdf-b357-f33cc0890c22-800x800.jpeg 800w, https:\/\/daritek.com\/wp-content\/uploads\/2026\/02\/gvc.product.image_.1730398472325.68c816c1-be23-4cdf-b357-f33cc0890c22-280x280.jpeg 280w, https:\/\/daritek.com\/wp-content\/uploads\/2026\/02\/gvc.product.image_.1730398472325.68c816c1-be23-4cdf-b357-f33cc0890c22-768x768.jpeg 768w, https:\/\/daritek.com\/wp-content\/uploads\/2026\/02\/gvc.product.image_.1730398472325.68c816c1-be23-4cdf-b357-f33cc0890c22-100x100.jpeg 100w, https:\/\/daritek.com\/wp-content\/uploads\/2026\/02\/gvc.product.image_.1730398472325.68c816c1-be23-4cdf-b357-f33cc0890c22.jpeg 1000w\" sizes=\"(max-width: 400px) 100vw, 400px\" \/> <img loading=\"lazy\" decoding=\"async\" class=\"alignnone size-medium wp-image-2765\" src=\"https:\/\/daritek.com\/wp-content\/uploads\/2026\/02\/gvc.product.image_.1730398476247.de18580f-09c7-4837-8e60-d09c2bb155c3-400x400.jpeg\" alt=\"\" width=\"400\" height=\"400\" srcset=\"https:\/\/daritek.com\/wp-content\/uploads\/2026\/02\/gvc.product.image_.1730398476247.de18580f-09c7-4837-8e60-d09c2bb155c3-400x400.jpeg 400w, https:\/\/daritek.com\/wp-content\/uploads\/2026\/02\/gvc.product.image_.1730398476247.de18580f-09c7-4837-8e60-d09c2bb155c3-800x800.jpeg 800w, https:\/\/daritek.com\/wp-content\/uploads\/2026\/02\/gvc.product.image_.1730398476247.de18580f-09c7-4837-8e60-d09c2bb155c3-280x280.jpeg 280w, https:\/\/daritek.com\/wp-content\/uploads\/2026\/02\/gvc.product.image_.1730398476247.de18580f-09c7-4837-8e60-d09c2bb155c3-768x768.jpeg 768w, https:\/\/daritek.com\/wp-content\/uploads\/2026\/02\/gvc.product.image_.1730398476247.de18580f-09c7-4837-8e60-d09c2bb155c3-100x100.jpeg 100w, https:\/\/daritek.com\/wp-content\/uploads\/2026\/02\/gvc.product.image_.1730398476247.de18580f-09c7-4837-8e60-d09c2bb155c3.jpeg 1000w\" sizes=\"(max-width: 400px) 100vw, 400px\" \/><\/p>\n<h3>Caract\u00e9ristiques techniques<\/h3>\n<table class=\"tech-specs\" style=\"width: 100%; border-collapse: collapse;\">\n<tbody>\n<tr>\n<th style=\"text-align: left; padding: 8px; border-bottom: 1px solid #eee;\">TYPE<\/th>\n<td style=\"padding: 8px; border-bottom: 1px solid #eee;\">Bras Mixeur<\/td>\n<\/tr>\n<tr>\n<th style=\"text-align: left; padding: 8px; border-bottom: 1px solid #eee;\">Marque<\/th>\n<td style=\"padding: 8px; border-bottom: 1px solid #eee;\">SilverCrest<\/td>\n<\/tr>\n<tr>\n<th style=\"text-align: left; padding: 8px; border-bottom: 1px solid #eee;\">R\u00e9f\u00e9rence<\/th>\n<td style=\"padding: 8px; border-bottom: 1px solid #eee;\">HB6412A<\/td>\n<\/tr>\n<tr>\n<th style=\"text-align: left; padding: 8px; border-bottom: 1px solid #eee;\">PUISSANCE<\/th>\n<td style=\"padding: 8px; border-bottom: 1px solid #eee;\">1000W<\/td>\n<\/tr>\n<tr>\n<th style=\"text-align: left; padding: 8px; border-bottom: 1px solid #eee;\">Nombre De Vitesses<\/th>\n<td style=\"padding: 8px; border-bottom: 1px solid #eee;\">1 Vitesse Maximale<\/td>\n<\/tr>\n<tr>\n<th style=\"text-align: left; padding: 8px; border-bottom: 1px solid #eee;\">Capacit\u00e9<\/th>\n<td style=\"padding: 8px; border-bottom: 1px solid #eee;\">R\u00e9cipient 700 ml<\/td>\n<\/tr>\n<tr>\n<th style=\"text-align: left; padding: 8px; border-bottom: 1px solid #eee;\">Mateire<\/th>\n<td style=\"padding: 8px; border-bottom: 1px solid #eee;\">\u00a0En Acier Inoxydable<\/td>\n<\/tr>\n<tr>\n<th style=\"text-align: left; padding: 8px; border-bottom: 1px solid #eee;\">COULEUR<\/th>\n<td style=\"padding: 8px; border-bottom: 1px solid #eee;\">\u200eNoir<\/td>\n<\/tr>\n<\/tbody>\n<\/table>\n","protected":false},"excerpt":{"rendered":"<ul>\n<li>Corps et Lames tranchantes et performantes en acier inoxydable.<\/li>\n<li>Design distinctif et confortable \u00e0 utiliser.<\/li>\n<li>Bol en plastique de 700 ml.<\/li>\n<li>Moteur de 1000 watts.<\/li>\n<\/ul>\n","protected":false},"featured_media":2766,"comment_status":"open","ping_status":"closed","template":"","meta":{"_crdt_document":""},"product_brand":[740],"product_cat":[84,295,265],"product_tag":[],"class_list":{"0":"post-2760","1":"product","2":"type-product","3":"status-publish","4":"has-post-thumbnail","6":"product_brand-silvercrest","7":"product_cat-electromenager","8":"product_cat-mixeur-plongeant","9":"product_cat-petit-electromenager","11":"first","12":"instock","13":"sale","14":"shipping-taxable","15":"purchasable","16":"product-type-simple"},"_links":{"self":[{"href":"https:\/\/daritek.com\/index.php?rest_route=\/wp\/v2\/product\/2760","targetHints":{"allow":["GET"]}}],"collection":[{"href":"https:\/\/daritek.com\/index.php?rest_route=\/wp\/v2\/product"}],"about":[{"href":"https:\/\/daritek.com\/index.php?rest_route=\/wp\/v2\/types\/product"}],"replies":[{"embeddable":true,"href":"https:\/\/daritek.com\/index.php?rest_route=%2Fwp%2Fv2%2Fcomments&post=2760"}],"wp:featuredmedia":[{"embeddable":true,"href":"https:\/\/daritek.com\/index.php?rest_route=\/wp\/v2\/media\/2766"}],"wp:attachment":[{"href":"https:\/\/daritek.com\/index.php?rest_route=%2Fwp%2Fv2%2Fmedia&parent=2760"}],"wp:term":[{"taxonomy":"product_brand","embeddable":true,"href":"https:\/\/daritek.com\/index.php?rest_route=%2Fwp%2Fv2%2Fproduct_brand&post=2760"},{"taxonomy":"product_cat","embeddable":true,"href":"https:\/\/daritek.com\/index.php?rest_route=%2Fwp%2Fv2%2Fproduct_cat&post=2760"},{"taxonomy":"product_tag","embeddable":true,"href":"https:\/\/daritek.com\/index.php?rest_route=%2Fwp%2Fv2%2Fproduct_tag&post=2760"}],"curies":[{"name":"wp","href":"https:\/\/api.w.org\/{rel}","templated":true}]}}