{"id":4146,"date":"2026-02-28T16:24:07","date_gmt":"2026-02-28T16:24:07","guid":{"rendered":"https:\/\/daritek.com\/?post_type=product&#038;p=4146"},"modified":"2026-02-28T16:24:34","modified_gmt":"2026-02-28T16:24:34","slug":"batteur-a-main-electrique-450-w-5-vitesses-tefal-ht450n10","status":"publish","type":"product","link":"https:\/\/daritek.com\/?product=batteur-a-main-electrique-450-w-5-vitesses-tefal-ht450n10","title":{"rendered":"Batteur \u00c0 Main \u00c9lectrique 450 W 5 Vitesses &#8211; Tefal HT450N10"},"content":{"rendered":"<h3><strong>Batteur \u00c0 Main \u00c9lectrique Tefal HT450N10 &#8211; 450W 5 Vitesses<\/strong><\/h3>\n<p><strong>Votre batteur indispensable, un alli\u00e9 haute performance pour toutes vos envies de p\u00e2tisserie<\/strong><\/p>\n<p>D\u00e9couvrez le batteur de Tefal, le partenaire incontournable de vos p\u00e2tisseries\u00a0! Que vous souhaitiez pr\u00e9parer une cr\u00e8me fouett\u00e9e ou une d\u00e9licieuse mayonnaise maison, ce batteur \u00e9lectrique haute performance est \u00e9quip\u00e9 d&rsquo;un moteur de 450\u00a0W pour r\u00e9aliser des pr\u00e9parations l\u00e9g\u00e8res en toute simplicit\u00e9. Ses cinq vitesses r\u00e9glables et sa fonction Turbo permettent de r\u00e9aliser un large \u00e9ventail de t\u00e2ches, avec des fouets en acier inoxydable pour une performance longue dur\u00e9e, des accessoires compatibles lave-vaisselle, une poign\u00e9e ergonomique et bien plus.<\/p>\n<p><img fetchpriority=\"high\" decoding=\"async\" class=\"alignnone size-medium wp-image-4149\" src=\"https:\/\/daritek.com\/wp-content\/uploads\/2026\/02\/gvc.product.image_.1736363848140.4cf02fdc-6f13-4610-b2e2-4b3e11d8e483-400x400.png\" alt=\"\" width=\"400\" height=\"400\" srcset=\"https:\/\/daritek.com\/wp-content\/uploads\/2026\/02\/gvc.product.image_.1736363848140.4cf02fdc-6f13-4610-b2e2-4b3e11d8e483-400x400.png 400w, https:\/\/daritek.com\/wp-content\/uploads\/2026\/02\/gvc.product.image_.1736363848140.4cf02fdc-6f13-4610-b2e2-4b3e11d8e483-800x800.png 800w, https:\/\/daritek.com\/wp-content\/uploads\/2026\/02\/gvc.product.image_.1736363848140.4cf02fdc-6f13-4610-b2e2-4b3e11d8e483-280x280.png 280w, https:\/\/daritek.com\/wp-content\/uploads\/2026\/02\/gvc.product.image_.1736363848140.4cf02fdc-6f13-4610-b2e2-4b3e11d8e483-768x768.png 768w, https:\/\/daritek.com\/wp-content\/uploads\/2026\/02\/gvc.product.image_.1736363848140.4cf02fdc-6f13-4610-b2e2-4b3e11d8e483-1536x1536.png 1536w, https:\/\/daritek.com\/wp-content\/uploads\/2026\/02\/gvc.product.image_.1736363848140.4cf02fdc-6f13-4610-b2e2-4b3e11d8e483-1000x1000.png 1000w, https:\/\/daritek.com\/wp-content\/uploads\/2026\/02\/gvc.product.image_.1736363848140.4cf02fdc-6f13-4610-b2e2-4b3e11d8e483-100x100.png 100w, https:\/\/daritek.com\/wp-content\/uploads\/2026\/02\/gvc.product.image_.1736363848140.4cf02fdc-6f13-4610-b2e2-4b3e11d8e483.png 2000w\" sizes=\"(max-width: 400px) 100vw, 400px\" \/> <img decoding=\"async\" class=\"alignnone size-medium wp-image-4150\" src=\"https:\/\/daritek.com\/wp-content\/uploads\/2026\/02\/gvc.product.image_.1736363866097.e8941e22-5d72-4a4d-a3c7-66c537172a7d-400x400.png\" alt=\"\" width=\"400\" height=\"400\" srcset=\"https:\/\/daritek.com\/wp-content\/uploads\/2026\/02\/gvc.product.image_.1736363866097.e8941e22-5d72-4a4d-a3c7-66c537172a7d-400x400.png 400w, https:\/\/daritek.com\/wp-content\/uploads\/2026\/02\/gvc.product.image_.1736363866097.e8941e22-5d72-4a4d-a3c7-66c537172a7d-800x800.png 800w, https:\/\/daritek.com\/wp-content\/uploads\/2026\/02\/gvc.product.image_.1736363866097.e8941e22-5d72-4a4d-a3c7-66c537172a7d-280x280.png 280w, https:\/\/daritek.com\/wp-content\/uploads\/2026\/02\/gvc.product.image_.1736363866097.e8941e22-5d72-4a4d-a3c7-66c537172a7d-768x768.png 768w, https:\/\/daritek.com\/wp-content\/uploads\/2026\/02\/gvc.product.image_.1736363866097.e8941e22-5d72-4a4d-a3c7-66c537172a7d-1536x1536.png 1536w, https:\/\/daritek.com\/wp-content\/uploads\/2026\/02\/gvc.product.image_.1736363866097.e8941e22-5d72-4a4d-a3c7-66c537172a7d-1000x1000.png 1000w, https:\/\/daritek.com\/wp-content\/uploads\/2026\/02\/gvc.product.image_.1736363866097.e8941e22-5d72-4a4d-a3c7-66c537172a7d-100x100.png 100w, https:\/\/daritek.com\/wp-content\/uploads\/2026\/02\/gvc.product.image_.1736363866097.e8941e22-5d72-4a4d-a3c7-66c537172a7d.png 2000w\" sizes=\"(max-width: 400px) 100vw, 400px\" \/><\/p>\n<p><img decoding=\"async\" class=\"alignnone size-medium wp-image-4151\" src=\"https:\/\/daritek.com\/wp-content\/uploads\/2026\/02\/gvc.product.image_.1736363857993.7cf7be50-734f-4ed0-b966-becbe173daa0-400x400.png\" alt=\"\" width=\"400\" height=\"400\" srcset=\"https:\/\/daritek.com\/wp-content\/uploads\/2026\/02\/gvc.product.image_.1736363857993.7cf7be50-734f-4ed0-b966-becbe173daa0-400x400.png 400w, https:\/\/daritek.com\/wp-content\/uploads\/2026\/02\/gvc.product.image_.1736363857993.7cf7be50-734f-4ed0-b966-becbe173daa0-800x800.png 800w, https:\/\/daritek.com\/wp-content\/uploads\/2026\/02\/gvc.product.image_.1736363857993.7cf7be50-734f-4ed0-b966-becbe173daa0-280x280.png 280w, https:\/\/daritek.com\/wp-content\/uploads\/2026\/02\/gvc.product.image_.1736363857993.7cf7be50-734f-4ed0-b966-becbe173daa0-768x768.png 768w, https:\/\/daritek.com\/wp-content\/uploads\/2026\/02\/gvc.product.image_.1736363857993.7cf7be50-734f-4ed0-b966-becbe173daa0-1536x1536.png 1536w, https:\/\/daritek.com\/wp-content\/uploads\/2026\/02\/gvc.product.image_.1736363857993.7cf7be50-734f-4ed0-b966-becbe173daa0-1000x1000.png 1000w, https:\/\/daritek.com\/wp-content\/uploads\/2026\/02\/gvc.product.image_.1736363857993.7cf7be50-734f-4ed0-b966-becbe173daa0-100x100.png 100w, https:\/\/daritek.com\/wp-content\/uploads\/2026\/02\/gvc.product.image_.1736363857993.7cf7be50-734f-4ed0-b966-becbe173daa0.png 2000w\" sizes=\"(max-width: 400px) 100vw, 400px\" \/> <img loading=\"lazy\" decoding=\"async\" class=\"alignnone size-medium wp-image-4152\" src=\"https:\/\/daritek.com\/wp-content\/uploads\/2026\/02\/gvc.product.image_.1736363876689.eec32fae-59e2-4389-b1b7-23a57eb297b5-400x400.png\" alt=\"\" width=\"400\" height=\"400\" srcset=\"https:\/\/daritek.com\/wp-content\/uploads\/2026\/02\/gvc.product.image_.1736363876689.eec32fae-59e2-4389-b1b7-23a57eb297b5-400x400.png 400w, https:\/\/daritek.com\/wp-content\/uploads\/2026\/02\/gvc.product.image_.1736363876689.eec32fae-59e2-4389-b1b7-23a57eb297b5-800x800.png 800w, https:\/\/daritek.com\/wp-content\/uploads\/2026\/02\/gvc.product.image_.1736363876689.eec32fae-59e2-4389-b1b7-23a57eb297b5-280x280.png 280w, https:\/\/daritek.com\/wp-content\/uploads\/2026\/02\/gvc.product.image_.1736363876689.eec32fae-59e2-4389-b1b7-23a57eb297b5-768x768.png 768w, https:\/\/daritek.com\/wp-content\/uploads\/2026\/02\/gvc.product.image_.1736363876689.eec32fae-59e2-4389-b1b7-23a57eb297b5-1536x1536.png 1536w, https:\/\/daritek.com\/wp-content\/uploads\/2026\/02\/gvc.product.image_.1736363876689.eec32fae-59e2-4389-b1b7-23a57eb297b5-1000x1000.png 1000w, https:\/\/daritek.com\/wp-content\/uploads\/2026\/02\/gvc.product.image_.1736363876689.eec32fae-59e2-4389-b1b7-23a57eb297b5-100x100.png 100w, https:\/\/daritek.com\/wp-content\/uploads\/2026\/02\/gvc.product.image_.1736363876689.eec32fae-59e2-4389-b1b7-23a57eb297b5.png 2000w\" sizes=\"(max-width: 400px) 100vw, 400px\" \/><\/p>\n<p><img loading=\"lazy\" decoding=\"async\" class=\"alignnone size-medium wp-image-4153\" src=\"https:\/\/daritek.com\/wp-content\/uploads\/2026\/02\/gvc.product.image_.1736363882328.465940d9-3aff-4bd6-98ff-6bcd19ffb1c4-400x400.png\" alt=\"\" width=\"400\" height=\"400\" srcset=\"https:\/\/daritek.com\/wp-content\/uploads\/2026\/02\/gvc.product.image_.1736363882328.465940d9-3aff-4bd6-98ff-6bcd19ffb1c4-400x400.png 400w, https:\/\/daritek.com\/wp-content\/uploads\/2026\/02\/gvc.product.image_.1736363882328.465940d9-3aff-4bd6-98ff-6bcd19ffb1c4-800x800.png 800w, https:\/\/daritek.com\/wp-content\/uploads\/2026\/02\/gvc.product.image_.1736363882328.465940d9-3aff-4bd6-98ff-6bcd19ffb1c4-280x280.png 280w, https:\/\/daritek.com\/wp-content\/uploads\/2026\/02\/gvc.product.image_.1736363882328.465940d9-3aff-4bd6-98ff-6bcd19ffb1c4-768x768.png 768w, https:\/\/daritek.com\/wp-content\/uploads\/2026\/02\/gvc.product.image_.1736363882328.465940d9-3aff-4bd6-98ff-6bcd19ffb1c4-1536x1536.png 1536w, https:\/\/daritek.com\/wp-content\/uploads\/2026\/02\/gvc.product.image_.1736363882328.465940d9-3aff-4bd6-98ff-6bcd19ffb1c4-1000x1000.png 1000w, https:\/\/daritek.com\/wp-content\/uploads\/2026\/02\/gvc.product.image_.1736363882328.465940d9-3aff-4bd6-98ff-6bcd19ffb1c4-100x100.png 100w, https:\/\/daritek.com\/wp-content\/uploads\/2026\/02\/gvc.product.image_.1736363882328.465940d9-3aff-4bd6-98ff-6bcd19ffb1c4.png 2000w\" sizes=\"(max-width: 400px) 100vw, 400px\" \/> <img loading=\"lazy\" decoding=\"async\" class=\"alignnone size-medium wp-image-4154\" src=\"https:\/\/daritek.com\/wp-content\/uploads\/2026\/02\/gvc.product.image_.1736363887305.2c581bc1-97fc-4174-a539-059857903a54-400x400.png\" alt=\"\" width=\"400\" height=\"400\" srcset=\"https:\/\/daritek.com\/wp-content\/uploads\/2026\/02\/gvc.product.image_.1736363887305.2c581bc1-97fc-4174-a539-059857903a54-400x400.png 400w, https:\/\/daritek.com\/wp-content\/uploads\/2026\/02\/gvc.product.image_.1736363887305.2c581bc1-97fc-4174-a539-059857903a54-800x800.png 800w, https:\/\/daritek.com\/wp-content\/uploads\/2026\/02\/gvc.product.image_.1736363887305.2c581bc1-97fc-4174-a539-059857903a54-280x280.png 280w, https:\/\/daritek.com\/wp-content\/uploads\/2026\/02\/gvc.product.image_.1736363887305.2c581bc1-97fc-4174-a539-059857903a54-768x768.png 768w, https:\/\/daritek.com\/wp-content\/uploads\/2026\/02\/gvc.product.image_.1736363887305.2c581bc1-97fc-4174-a539-059857903a54-1536x1536.png 1536w, https:\/\/daritek.com\/wp-content\/uploads\/2026\/02\/gvc.product.image_.1736363887305.2c581bc1-97fc-4174-a539-059857903a54-1000x1000.png 1000w, https:\/\/daritek.com\/wp-content\/uploads\/2026\/02\/gvc.product.image_.1736363887305.2c581bc1-97fc-4174-a539-059857903a54-100x100.png 100w, https:\/\/daritek.com\/wp-content\/uploads\/2026\/02\/gvc.product.image_.1736363887305.2c581bc1-97fc-4174-a539-059857903a54.png 2000w\" sizes=\"(max-width: 400px) 100vw, 400px\" \/><\/p>\n<h3>Caract\u00e9ristiques techniques<\/h3>\n<table class=\"tech-specs\" style=\"width: 100%; border-collapse: collapse;\">\n<tbody>\n<tr>\n<th style=\"text-align: left; padding: 8px; border-bottom: 1px solid #eee;\">TYPE<\/th>\n<td style=\"padding: 8px; border-bottom: 1px solid #eee;\">Batteur \u00c0 Main<\/td>\n<\/tr>\n<tr>\n<th style=\"text-align: left; padding: 8px; border-bottom: 1px solid #eee;\">Marque<\/th>\n<td style=\"padding: 8px; border-bottom: 1px solid #eee;\">Tefal<\/td>\n<\/tr>\n<tr>\n<th style=\"text-align: left; padding: 8px; border-bottom: 1px solid #eee;\">R\u00e9f\u00e9rence<\/th>\n<td style=\"padding: 8px; border-bottom: 1px solid #eee;\">HT450N10<\/td>\n<\/tr>\n<tr>\n<th style=\"text-align: left; padding: 8px; border-bottom: 1px solid #eee;\">PUISSANCE<\/th>\n<td style=\"padding: 8px; border-bottom: 1px solid #eee;\">450W<\/td>\n<\/tr>\n<tr>\n<th style=\"text-align: left; padding: 8px; border-bottom: 1px solid #eee;\">Nombre De Vitesses<\/th>\n<td style=\"padding: 8px; border-bottom: 1px solid #eee;\">5 vitesses<\/td>\n<\/tr>\n<tr>\n<th style=\"text-align: left; padding: 8px; border-bottom: 1px solid #eee;\">Accessoires Inclus<\/th>\n<td style=\"padding: 8px; border-bottom: 1px solid #eee;\">Des Fouets En Inox<\/td>\n<\/tr>\n<tr>\n<th style=\"text-align: left; padding: 8px; border-bottom: 1px solid #eee;\">Matiere du corps<\/th>\n<td style=\"padding: 8px; border-bottom: 1px solid #eee;\">En plastique<\/td>\n<\/tr>\n<tr>\n<th style=\"text-align: left; padding: 8px; border-bottom: 1px solid #eee;\">Compatibles lave-vaisselle<\/th>\n<td style=\"padding: 8px; border-bottom: 1px solid #eee;\">Oui<\/td>\n<\/tr>\n<\/tbody>\n<\/table>\n","protected":false},"excerpt":{"rendered":"<ul class=\"marker:text-quiet list-disc\">\n<li class=\"py-0 my-0 prose-p:pt-0 prose-p:mb-2 prose-p:my-0 [&amp;&gt;p]:pt-0 [&amp;&gt;p]:mb-2 [&amp;&gt;p]:my-0\">Batteur \u00e9lectrique 450 W pour m\u00e9langer et fouetter rapidement au quotidien<\/li>\n<li class=\"py-0 my-0 prose-p:pt-0 prose-p:mb-2 prose-p:my-0 [&amp;&gt;p]:pt-0 [&amp;&gt;p]:mb-2 [&amp;&gt;p]:my-0\"><strong>Vitesses<\/strong>\u00a0: 5 vitesses + fonction\u00a0<strong>Turbo<\/strong>\u00a0pour un boost de puissance<\/li>\n<li class=\"py-0 my-0 prose-p:pt-0 prose-p:mb-2 prose-p:my-0 [&amp;&gt;p]:pt-0 [&amp;&gt;p]:mb-2 [&amp;&gt;p]:my-0\"><strong>Pratique<\/strong>\u00a0: bouton d\u2019\u00e9jection pour retirer les fouets facilement<\/li>\n<li class=\"py-0 my-0 prose-p:pt-0 prose-p:mb-2 prose-p:my-0 [&amp;&gt;p]:pt-0 [&amp;&gt;p]:mb-2 [&amp;&gt;p]:my-0\"><strong>Fouets<\/strong>\u00a0: acier inoxydable r\u00e9sistant<\/li>\n<li class=\"py-0 my-0 prose-p:pt-0 prose-p:mb-2 prose-p:my-0 [&amp;&gt;p]:pt-0 [&amp;&gt;p]:mb-2 [&amp;&gt;p]:my-0\"><strong>Entretien<\/strong>\u00a0: accessoires compatibles lave\u2011vaisselle<\/li>\n<li class=\"py-0 my-0 prose-p:pt-0 prose-p:mb-2 prose-p:my-0 [&amp;&gt;p]:pt-0 [&amp;&gt;p]:mb-2 [&amp;&gt;p]:my-0\"><strong>Usage<\/strong>\u00a0: id\u00e9al pour des pr\u00e9parations simples et rapides, sans effort<\/li>\n<\/ul>\n","protected":false},"featured_media":4147,"comment_status":"open","ping_status":"closed","template":"","meta":{"_crdt_document":""},"product_brand":[776],"product_cat":[1762,84,265],"product_tag":[],"class_list":{"0":"post-4146","1":"product","2":"type-product","3":"status-publish","4":"has-post-thumbnail","6":"product_brand-tefal","7":"product_cat-batteur-electrique","8":"product_cat-electromenager","9":"product_cat-petit-electromenager","11":"first","12":"outofstock","13":"shipping-taxable","14":"purchasable","15":"product-type-simple"},"_links":{"self":[{"href":"https:\/\/daritek.com\/index.php?rest_route=\/wp\/v2\/product\/4146","targetHints":{"allow":["GET"]}}],"collection":[{"href":"https:\/\/daritek.com\/index.php?rest_route=\/wp\/v2\/product"}],"about":[{"href":"https:\/\/daritek.com\/index.php?rest_route=\/wp\/v2\/types\/product"}],"replies":[{"embeddable":true,"href":"https:\/\/daritek.com\/index.php?rest_route=%2Fwp%2Fv2%2Fcomments&post=4146"}],"wp:featuredmedia":[{"embeddable":true,"href":"https:\/\/daritek.com\/index.php?rest_route=\/wp\/v2\/media\/4147"}],"wp:attachment":[{"href":"https:\/\/daritek.com\/index.php?rest_route=%2Fwp%2Fv2%2Fmedia&parent=4146"}],"wp:term":[{"taxonomy":"product_brand","embeddable":true,"href":"https:\/\/daritek.com\/index.php?rest_route=%2Fwp%2Fv2%2Fproduct_brand&post=4146"},{"taxonomy":"product_cat","embeddable":true,"href":"https:\/\/daritek.com\/index.php?rest_route=%2Fwp%2Fv2%2Fproduct_cat&post=4146"},{"taxonomy":"product_tag","embeddable":true,"href":"https:\/\/daritek.com\/index.php?rest_route=%2Fwp%2Fv2%2Fproduct_tag&post=4146"}],"curies":[{"name":"wp","href":"https:\/\/api.w.org\/{rel}","templated":true}]}}