{"id":4655,"date":"2026-03-03T17:35:12","date_gmt":"2026-03-03T17:35:12","guid":{"rendered":"https:\/\/daritek.com\/?post_type=product&#038;p=4655"},"modified":"2026-03-03T17:35:12","modified_gmt":"2026-03-03T17:35:12","slug":"batteur-electrique-150w-2-vitesses-moulinex-accessimo-hm200031","status":"publish","type":"product","link":"https:\/\/daritek.com\/?product=batteur-electrique-150w-2-vitesses-moulinex-accessimo-hm200031","title":{"rendered":"Batteur Electrique 150W 2 Vitesses &#8211; Moulinex accessimo HM200031"},"content":{"rendered":"<h3>Batteur Electrique Moulinex accessimo 150W 2 Vitesses &#8211;\u00a0<strong>HM200031<\/strong><\/h3>\n<p>Le batteur \u00e9lectrique Moulinex Accessimo est l\u2019alli\u00e9 id\u00e9al pour toutes vos pr\u00e9parations culinaires. Compact et facile \u00e0 utiliser, il est \u00e9quip\u00e9 d\u2019un moteur puissant de 150W, parfait pour m\u00e9langer, battre ou p\u00e9trir rapidement.<\/p>\n<ul>\n<li>Ses 2 vitesses vous permettent\u00a0<strong>d&rsquo;adapter la puissance selon votre pr\u00e9paration<\/strong>.<\/li>\n<li>Ses\u00a0<strong>fouets m\u00e9tals<\/strong>\u00a0sont id\u00e9als pour\u00a0<strong>monter les blancs en neige,<\/strong>\u00a0la\u00a0<strong>mayonnaise<\/strong>&#8230; et les\u00a0<strong>malaxeurs en plastiques<\/strong>\u00a0pour\u00a0<strong>p\u00e9trir la p\u00e2te<\/strong>\u00a0en toute simplicit\u00e9.<\/li>\n<li>Puissance : 150 Watts.<\/li>\n<li>Facile \u00e0 nettoyer et \u00e0 ranger<\/li>\n<\/ul>\n<p><img fetchpriority=\"high\" decoding=\"async\" class=\"alignnone size-medium wp-image-4666\" src=\"https:\/\/daritek.com\/wp-content\/uploads\/2026\/03\/gvc.product.image_.1747829240224.42499621-ce61-4ff6-991c-cbb98920fe29-400x400.png\" alt=\"\" width=\"400\" height=\"400\" srcset=\"https:\/\/daritek.com\/wp-content\/uploads\/2026\/03\/gvc.product.image_.1747829240224.42499621-ce61-4ff6-991c-cbb98920fe29-400x400.png 400w, https:\/\/daritek.com\/wp-content\/uploads\/2026\/03\/gvc.product.image_.1747829240224.42499621-ce61-4ff6-991c-cbb98920fe29-280x280.png 280w, https:\/\/daritek.com\/wp-content\/uploads\/2026\/03\/gvc.product.image_.1747829240224.42499621-ce61-4ff6-991c-cbb98920fe29-768x768.png 768w, https:\/\/daritek.com\/wp-content\/uploads\/2026\/03\/gvc.product.image_.1747829240224.42499621-ce61-4ff6-991c-cbb98920fe29-100x100.png 100w, https:\/\/daritek.com\/wp-content\/uploads\/2026\/03\/gvc.product.image_.1747829240224.42499621-ce61-4ff6-991c-cbb98920fe29.png 800w\" sizes=\"(max-width: 400px) 100vw, 400px\" \/> <img decoding=\"async\" class=\"alignnone size-medium wp-image-4665\" src=\"https:\/\/daritek.com\/wp-content\/uploads\/2026\/03\/gvc.product.image_.1747829243960.9a538e65-abb8-44d6-ace4-4f67f24072e0-400x400.png\" alt=\"\" width=\"400\" height=\"400\" srcset=\"https:\/\/daritek.com\/wp-content\/uploads\/2026\/03\/gvc.product.image_.1747829243960.9a538e65-abb8-44d6-ace4-4f67f24072e0-400x400.png 400w, https:\/\/daritek.com\/wp-content\/uploads\/2026\/03\/gvc.product.image_.1747829243960.9a538e65-abb8-44d6-ace4-4f67f24072e0-280x280.png 280w, https:\/\/daritek.com\/wp-content\/uploads\/2026\/03\/gvc.product.image_.1747829243960.9a538e65-abb8-44d6-ace4-4f67f24072e0-768x768.png 768w, https:\/\/daritek.com\/wp-content\/uploads\/2026\/03\/gvc.product.image_.1747829243960.9a538e65-abb8-44d6-ace4-4f67f24072e0-100x100.png 100w, https:\/\/daritek.com\/wp-content\/uploads\/2026\/03\/gvc.product.image_.1747829243960.9a538e65-abb8-44d6-ace4-4f67f24072e0.png 800w\" sizes=\"(max-width: 400px) 100vw, 400px\" \/><\/p>\n<h3>Caract\u00e9ristiques techniques<\/h3>\n<table class=\"tech-specs\" style=\"width: 100%; border-collapse: collapse;\">\n<tbody>\n<tr>\n<th style=\"text-align: left; padding: 8px; border-bottom: 1px solid #eee;\">TYPE<\/th>\n<td style=\"padding: 8px; border-bottom: 1px solid #eee;\">Batteur \u00c0 Main<\/td>\n<\/tr>\n<tr>\n<th style=\"text-align: left; padding: 8px; border-bottom: 1px solid #eee;\">Marque<\/th>\n<td style=\"padding: 8px; border-bottom: 1px solid #eee;\">Moulinex<\/td>\n<\/tr>\n<tr>\n<th style=\"text-align: left; padding: 8px; border-bottom: 1px solid #eee;\">R\u00e9f\u00e9rence<\/th>\n<td style=\"padding: 8px; border-bottom: 1px solid #eee;\">HM200031<\/td>\n<\/tr>\n<tr>\n<th style=\"text-align: left; padding: 8px; border-bottom: 1px solid #eee;\">PUISSANCE<\/th>\n<td style=\"padding: 8px; border-bottom: 1px solid #eee;\">150W<\/td>\n<\/tr>\n<tr>\n<th style=\"text-align: left; padding: 8px; border-bottom: 1px solid #eee;\">Nombre De Vitesses<\/th>\n<td style=\"padding: 8px; border-bottom: 1px solid #eee;\">2 vitesses<\/td>\n<\/tr>\n<tr>\n<th style=\"text-align: left; padding: 8px; border-bottom: 1px solid #eee;\">Accessoires Inclus<\/th>\n<td style=\"padding: 8px; border-bottom: 1px solid #eee;\">Des Fouets et Crochets<\/td>\n<\/tr>\n<tr>\n<th style=\"text-align: left; padding: 8px; border-bottom: 1px solid #eee;\">Mateire Du Corps<\/th>\n<td style=\"padding: 8px; border-bottom: 1px solid #eee;\">En Plastique<\/td>\n<\/tr>\n<tr>\n<th style=\"text-align: left; padding: 8px; border-bottom: 1px solid #eee;\">Compatibles lave-vaisselle<\/th>\n<td style=\"padding: 8px; border-bottom: 1px solid #eee;\">Oui<\/td>\n<\/tr>\n<\/tbody>\n<\/table>\n","protected":false},"excerpt":{"rendered":"<ul class=\"marker:text-quiet list-disc\">\n<li class=\"py-0 my-0 prose-p:pt-0 prose-p:mb-2 prose-p:my-0 [&amp;&gt;p]:pt-0 [&amp;&gt;p]:mb-2 [&amp;&gt;p]:my-0\">150 W : m\u00e9lange rapide et homog\u00e8ne<span class=\"inline-flex\" aria-label=\"Batteur \u00e9lectrique 500w avec 6 vitesses et turbo | silvercrest - \u0648\u0627\u062f \u0643\u0646\u064a\u0633\" data-state=\"closed\">\u200b<\/span><\/li>\n<li class=\"py-0 my-0 prose-p:pt-0 prose-p:mb-2 prose-p:my-0 [&amp;&gt;p]:pt-0 [&amp;&gt;p]:mb-2 [&amp;&gt;p]:my-0\">2 vitesses : ajustez la puissance selon la recette<span class=\"inline-flex\" aria-label=\"Batteur \u00e9lectrique 500w avec 6 vitesses et turbo | silvercrest - \u0648\u0627\u062f \u0643\u0646\u064a\u0633\" data-state=\"closed\">\u200b<\/span><span class=\"inline-flex\" aria-label=\"Batteur \u00e9lectrique 500w avec 6 vitesses et turbo | silvercrest - \u0648\u0627\u062f \u0643\u0646\u064a\u0633\" data-state=\"closed\">\u200b<\/span><\/li>\n<li class=\"py-0 my-0 prose-p:pt-0 prose-p:mb-2 prose-p:my-0 [&amp;&gt;p]:pt-0 [&amp;&gt;p]:mb-2 [&amp;&gt;p]:my-0\">Accessoires : 2 batteurs En Inox + 2 crochets En Plastique<span class=\"inline-flex\" aria-label=\"Batteur \u00e9lectrique 500w avec 6 vitesses et turbo | silvercrest - \u0648\u0627\u062f \u0643\u0646\u064a\u0633\" data-state=\"closed\">\u200b<\/span><\/li>\n<li class=\"py-0 my-0 prose-p:pt-0 prose-p:mb-2 prose-p:my-0 [&amp;&gt;p]:pt-0 [&amp;&gt;p]:mb-2 [&amp;&gt;p]:my-0\">design \u00e9l\u00e9gant, changement facile<span class=\"inline-flex\" aria-label=\"Batteur \u00e9lectrique 500w avec 6 vitesses et turbo | silvercrest - \u0648\u0627\u062f \u0643\u0646\u064a\u0633\" data-state=\"closed\">\u200b<\/span><\/li>\n<\/ul>\n","protected":false},"featured_media":4664,"comment_status":"open","ping_status":"closed","template":"","meta":{"_crdt_document":""},"product_brand":[100],"product_cat":[1762,84,265],"product_tag":[],"class_list":{"0":"post-4655","1":"product","2":"type-product","3":"status-publish","4":"has-post-thumbnail","6":"product_brand-moulinex","7":"product_cat-batteur-electrique","8":"product_cat-electromenager","9":"product_cat-petit-electromenager","11":"first","12":"instock","13":"shipping-taxable","14":"purchasable","15":"product-type-simple"},"_links":{"self":[{"href":"https:\/\/daritek.com\/index.php?rest_route=\/wp\/v2\/product\/4655","targetHints":{"allow":["GET"]}}],"collection":[{"href":"https:\/\/daritek.com\/index.php?rest_route=\/wp\/v2\/product"}],"about":[{"href":"https:\/\/daritek.com\/index.php?rest_route=\/wp\/v2\/types\/product"}],"replies":[{"embeddable":true,"href":"https:\/\/daritek.com\/index.php?rest_route=%2Fwp%2Fv2%2Fcomments&post=4655"}],"wp:featuredmedia":[{"embeddable":true,"href":"https:\/\/daritek.com\/index.php?rest_route=\/wp\/v2\/media\/4664"}],"wp:attachment":[{"href":"https:\/\/daritek.com\/index.php?rest_route=%2Fwp%2Fv2%2Fmedia&parent=4655"}],"wp:term":[{"taxonomy":"product_brand","embeddable":true,"href":"https:\/\/daritek.com\/index.php?rest_route=%2Fwp%2Fv2%2Fproduct_brand&post=4655"},{"taxonomy":"product_cat","embeddable":true,"href":"https:\/\/daritek.com\/index.php?rest_route=%2Fwp%2Fv2%2Fproduct_cat&post=4655"},{"taxonomy":"product_tag","embeddable":true,"href":"https:\/\/daritek.com\/index.php?rest_route=%2Fwp%2Fv2%2Fproduct_tag&post=4655"}],"curies":[{"name":"wp","href":"https:\/\/api.w.org\/{rel}","templated":true}]}}