{"id":4889,"date":"2026-03-06T13:56:29","date_gmt":"2026-03-06T13:56:29","guid":{"rendered":"https:\/\/daritek.com\/?post_type=product&#038;p=4889"},"modified":"2026-03-23T15:56:28","modified_gmt":"2026-03-23T15:56:28","slug":"batteur-a-main-electrique-200w-2-vitesses-moulinex-soleil-hm211a11","status":"publish","type":"product","link":"https:\/\/daritek.com\/?product=batteur-a-main-electrique-200w-2-vitesses-moulinex-soleil-hm211a11","title":{"rendered":"Batteur \u00e0 Main Electrique 200W 2 Vitesses Moulinex Soleil Ivoire HM211A11"},"content":{"rendered":"<h3><strong>Batteur \u00e9lectrique Soleil de Moulinex\u00a0: En cuisine aussi, imposez votre style avec SOLEIL\u00a0!<\/strong><\/h3>\n<p>Donnez du style \u00e0 votre cuisine et \u00e0 votre plan de travail. Le batteur \u00e9lectrique Soleil, aux lignes simples et \u00e9pur\u00e9es, est un v\u00e9ritable rayon de soleil qui \u00e9gayera m\u00eame la plus \u00e9l\u00e9gante des cuisines. Le batteur dispose d&rsquo;un bouton unique avec deux vitesses plus une fonction \u00ab eject \u00bb permettant ainsi un confort d&rsquo;utilisation maximum. Ses deux jeux de fouets garantissent d&rsquo;excellents r\u00e9sultats sur l&rsquo;ensemble de vos pr\u00e9parations culinaires. Battez des blancs en neige, r\u00e9alisez de savoureuses cr\u00e8mes fouett\u00e9es ou m\u00e9langez vos p\u00e2tes \u00e0 g\u00e2teaux avec le batteur Soleil de Moulinex. Compact, ce batteur \u00e9lectrique Soleil, sera toujours \u00e0 port\u00e9e de main pour vous aider \u00e0 r\u00e9aliser de d\u00e9licieuses p\u00e2tisseries et trouvera ais\u00e9ment sa place dans votre cuisine.<\/p>\n<ul>\n<li><strong>Puissance :\u00a0<\/strong>Moteur de 200\u00a0W pour des \u00e9mulsions r\u00e9ussies en un tour de main.<\/li>\n<li><strong>Rapide et simple d&rsquo;utilisation :\u00a0<\/strong>Bouton unique avec deux vitesses plus une fonction \u00ab\u00a0eject\u00a0\u00bb<\/li>\n<li><strong>Des blancs d&rsquo;\u0153ufs et des cr\u00e8mes parfaitement battus :\u00a0<\/strong>2\u00a0fouets en acier inoxydable pour des pr\u00e9parations parfaites. Battez des blancs en neige, r\u00e9alisez de savoureuses cr\u00e8mes fouett\u00e9es ou m\u00e9langez vos p\u00e2tes \u00e0 g\u00e2teaux avec le batteur Soleil de Moulinex<\/li>\n<li><strong>Fouets \u00e0 \u00e9mulsion :\u00a0<\/strong>2\u00a0fouets \u00e0 \u00e9mulsionner en plastique pour des sauces et des \u00e9mulsions parfaites.<\/li>\n<li><strong>En cuisine aussi, imposez votre style avec SOLEIL :\u00a0<\/strong>Le batteur Soleil, dispose d&rsquo;un design vintage ultra tendance aux lignes simples et \u00e9pur\u00e9es.<\/li>\n<li><strong>Batteur compact :\u00a0<\/strong>Toujours \u00e0 port\u00e9e de main pour la pr\u00e9paration de d\u00e9licieuses p\u00e2tisseries et desserts, il trouvera ais\u00e9ment sa place dans votre cuisine.<\/li>\n<\/ul>\n<p><img fetchpriority=\"high\" decoding=\"async\" class=\"alignnone size-medium wp-image-4892\" src=\"https:\/\/daritek.com\/wp-content\/uploads\/2026\/03\/gvc.product.image_.1765223280253.2e562464-92e4-4a03-b944-ad534bdc75a5-400x400.png\" alt=\"\" width=\"400\" height=\"400\" srcset=\"https:\/\/daritek.com\/wp-content\/uploads\/2026\/03\/gvc.product.image_.1765223280253.2e562464-92e4-4a03-b944-ad534bdc75a5-400x400.png 400w, https:\/\/daritek.com\/wp-content\/uploads\/2026\/03\/gvc.product.image_.1765223280253.2e562464-92e4-4a03-b944-ad534bdc75a5-800x800.png 800w, https:\/\/daritek.com\/wp-content\/uploads\/2026\/03\/gvc.product.image_.1765223280253.2e562464-92e4-4a03-b944-ad534bdc75a5-280x280.png 280w, https:\/\/daritek.com\/wp-content\/uploads\/2026\/03\/gvc.product.image_.1765223280253.2e562464-92e4-4a03-b944-ad534bdc75a5-768x768.png 768w, https:\/\/daritek.com\/wp-content\/uploads\/2026\/03\/gvc.product.image_.1765223280253.2e562464-92e4-4a03-b944-ad534bdc75a5-1536x1536.png 1536w, https:\/\/daritek.com\/wp-content\/uploads\/2026\/03\/gvc.product.image_.1765223280253.2e562464-92e4-4a03-b944-ad534bdc75a5-1000x1000.png 1000w, https:\/\/daritek.com\/wp-content\/uploads\/2026\/03\/gvc.product.image_.1765223280253.2e562464-92e4-4a03-b944-ad534bdc75a5-100x100.png 100w, https:\/\/daritek.com\/wp-content\/uploads\/2026\/03\/gvc.product.image_.1765223280253.2e562464-92e4-4a03-b944-ad534bdc75a5.png 2000w\" sizes=\"(max-width: 400px) 100vw, 400px\" \/> <img decoding=\"async\" class=\"alignnone size-medium wp-image-4894\" src=\"https:\/\/daritek.com\/wp-content\/uploads\/2026\/03\/gvc.product.image_.1765223284531.9776360c-42dd-42a1-b98c-d5a746ccabee-400x400.png\" alt=\"\" width=\"400\" height=\"400\" srcset=\"https:\/\/daritek.com\/wp-content\/uploads\/2026\/03\/gvc.product.image_.1765223284531.9776360c-42dd-42a1-b98c-d5a746ccabee-400x400.png 400w, https:\/\/daritek.com\/wp-content\/uploads\/2026\/03\/gvc.product.image_.1765223284531.9776360c-42dd-42a1-b98c-d5a746ccabee-800x800.png 800w, https:\/\/daritek.com\/wp-content\/uploads\/2026\/03\/gvc.product.image_.1765223284531.9776360c-42dd-42a1-b98c-d5a746ccabee-280x280.png 280w, https:\/\/daritek.com\/wp-content\/uploads\/2026\/03\/gvc.product.image_.1765223284531.9776360c-42dd-42a1-b98c-d5a746ccabee-768x768.png 768w, https:\/\/daritek.com\/wp-content\/uploads\/2026\/03\/gvc.product.image_.1765223284531.9776360c-42dd-42a1-b98c-d5a746ccabee-1536x1536.png 1536w, https:\/\/daritek.com\/wp-content\/uploads\/2026\/03\/gvc.product.image_.1765223284531.9776360c-42dd-42a1-b98c-d5a746ccabee-1000x1000.png 1000w, https:\/\/daritek.com\/wp-content\/uploads\/2026\/03\/gvc.product.image_.1765223284531.9776360c-42dd-42a1-b98c-d5a746ccabee-100x100.png 100w, https:\/\/daritek.com\/wp-content\/uploads\/2026\/03\/gvc.product.image_.1765223284531.9776360c-42dd-42a1-b98c-d5a746ccabee.png 2000w\" sizes=\"(max-width: 400px) 100vw, 400px\" \/><\/p>\n<p><img decoding=\"async\" class=\"alignnone size-medium wp-image-4893\" src=\"https:\/\/daritek.com\/wp-content\/uploads\/2026\/03\/gvc.product.image_.1765223291719.4d0848bd-608e-4978-b5ca-a74c2ce18618-400x400.png\" alt=\"\" width=\"400\" height=\"400\" srcset=\"https:\/\/daritek.com\/wp-content\/uploads\/2026\/03\/gvc.product.image_.1765223291719.4d0848bd-608e-4978-b5ca-a74c2ce18618-400x400.png 400w, https:\/\/daritek.com\/wp-content\/uploads\/2026\/03\/gvc.product.image_.1765223291719.4d0848bd-608e-4978-b5ca-a74c2ce18618-800x800.png 800w, https:\/\/daritek.com\/wp-content\/uploads\/2026\/03\/gvc.product.image_.1765223291719.4d0848bd-608e-4978-b5ca-a74c2ce18618-280x280.png 280w, https:\/\/daritek.com\/wp-content\/uploads\/2026\/03\/gvc.product.image_.1765223291719.4d0848bd-608e-4978-b5ca-a74c2ce18618-768x768.png 768w, https:\/\/daritek.com\/wp-content\/uploads\/2026\/03\/gvc.product.image_.1765223291719.4d0848bd-608e-4978-b5ca-a74c2ce18618-1536x1536.png 1536w, https:\/\/daritek.com\/wp-content\/uploads\/2026\/03\/gvc.product.image_.1765223291719.4d0848bd-608e-4978-b5ca-a74c2ce18618-1000x1000.png 1000w, https:\/\/daritek.com\/wp-content\/uploads\/2026\/03\/gvc.product.image_.1765223291719.4d0848bd-608e-4978-b5ca-a74c2ce18618-100x100.png 100w, https:\/\/daritek.com\/wp-content\/uploads\/2026\/03\/gvc.product.image_.1765223291719.4d0848bd-608e-4978-b5ca-a74c2ce18618.png 2000w\" sizes=\"(max-width: 400px) 100vw, 400px\" \/> <img loading=\"lazy\" decoding=\"async\" class=\"alignnone size-medium wp-image-4891\" src=\"https:\/\/daritek.com\/wp-content\/uploads\/2026\/03\/gvc.product.image_.1765223288042.4ffbb348-5f0e-4a10-8deb-76fefe8eeb24-400x400.png\" alt=\"\" width=\"400\" height=\"400\" srcset=\"https:\/\/daritek.com\/wp-content\/uploads\/2026\/03\/gvc.product.image_.1765223288042.4ffbb348-5f0e-4a10-8deb-76fefe8eeb24-400x400.png 400w, https:\/\/daritek.com\/wp-content\/uploads\/2026\/03\/gvc.product.image_.1765223288042.4ffbb348-5f0e-4a10-8deb-76fefe8eeb24-800x800.png 800w, https:\/\/daritek.com\/wp-content\/uploads\/2026\/03\/gvc.product.image_.1765223288042.4ffbb348-5f0e-4a10-8deb-76fefe8eeb24-280x280.png 280w, https:\/\/daritek.com\/wp-content\/uploads\/2026\/03\/gvc.product.image_.1765223288042.4ffbb348-5f0e-4a10-8deb-76fefe8eeb24-768x768.png 768w, https:\/\/daritek.com\/wp-content\/uploads\/2026\/03\/gvc.product.image_.1765223288042.4ffbb348-5f0e-4a10-8deb-76fefe8eeb24-1536x1536.png 1536w, https:\/\/daritek.com\/wp-content\/uploads\/2026\/03\/gvc.product.image_.1765223288042.4ffbb348-5f0e-4a10-8deb-76fefe8eeb24-1000x1000.png 1000w, https:\/\/daritek.com\/wp-content\/uploads\/2026\/03\/gvc.product.image_.1765223288042.4ffbb348-5f0e-4a10-8deb-76fefe8eeb24-100x100.png 100w, https:\/\/daritek.com\/wp-content\/uploads\/2026\/03\/gvc.product.image_.1765223288042.4ffbb348-5f0e-4a10-8deb-76fefe8eeb24.png 2000w\" sizes=\"(max-width: 400px) 100vw, 400px\" \/><\/p>\n<h3>Caract\u00e9ristiques techniques<\/h3>\n<table class=\"tech-specs\" style=\"width: 100%; border-collapse: collapse;\">\n<tbody>\n<tr>\n<th style=\"text-align: left; padding: 8px; border-bottom: 1px solid #eee;\">TYPE<\/th>\n<td style=\"padding: 8px; border-bottom: 1px solid #eee;\">Batteur \u00c0 Main<\/td>\n<\/tr>\n<tr>\n<th style=\"text-align: left; padding: 8px; border-bottom: 1px solid #eee;\">Marque<\/th>\n<td style=\"padding: 8px; border-bottom: 1px solid #eee;\">Moulinex<\/td>\n<\/tr>\n<tr>\n<th style=\"text-align: left; padding: 8px; border-bottom: 1px solid #eee;\">Modele<\/th>\n<td style=\"padding: 8px; border-bottom: 1px solid #eee;\">Soleil<\/td>\n<\/tr>\n<tr>\n<th style=\"text-align: left; padding: 8px; border-bottom: 1px solid #eee;\">R\u00e9f\u00e9rence<\/th>\n<td style=\"padding: 8px; border-bottom: 1px solid #eee;\">HM211A11<\/td>\n<\/tr>\n<tr>\n<th style=\"text-align: left; padding: 8px; border-bottom: 1px solid #eee;\">PUISSANCE<\/th>\n<td style=\"padding: 8px; border-bottom: 1px solid #eee;\">200W<\/td>\n<\/tr>\n<tr>\n<th style=\"text-align: left; padding: 8px; border-bottom: 1px solid #eee;\">Nombre De Vitesses<\/th>\n<td style=\"padding: 8px; border-bottom: 1px solid #eee;\">2 vitesses<\/td>\n<\/tr>\n<tr>\n<th style=\"text-align: left; padding: 8px; border-bottom: 1px solid #eee;\">Accessoires Inclus<\/th>\n<td style=\"padding: 8px; border-bottom: 1px solid #eee;\">1 jeu de fouets en inox et 1 en plastique<\/td>\n<\/tr>\n<tr>\n<th style=\"text-align: left; padding: 8px; border-bottom: 1px solid #eee;\">Couleur<\/th>\n<td style=\"padding: 8px; border-bottom: 1px solid #eee;\">Ivoire<\/td>\n<\/tr>\n<tr>\n<th style=\"text-align: left; padding: 8px; border-bottom: 1px solid #eee;\">Compatibles lave-vaisselle<\/th>\n<td style=\"padding: 8px; border-bottom: 1px solid #eee;\">Oui<\/td>\n<\/tr>\n<\/tbody>\n<\/table>\n","protected":false},"excerpt":{"rendered":"<ul>\n<li>Puissance de 200 W\u00a0: Efficacit\u00e9 optimale pour toutes vos pr\u00e9parations.<\/li>\n<li>2 vitesses\u00a0: Pour un contr\u00f4le maximal dans vos m\u00e9langes.<\/li>\n<li>Fonction \u201c\u00e9ject\u201d\u00a0: Facilite le changement des fouets rapidement.<\/li>\n<li>Compact et facile \u00e0 ranger\u00a0: S\u2019int\u00e8gre parfaitement dans toutes les cuisines.<\/li>\n<li>Accessoires fournis\u00a0: 1 jeu de fouets en inox et 1 en plastique.<\/li>\n<\/ul>\n","protected":false},"featured_media":4890,"comment_status":"open","ping_status":"closed","template":"","meta":{"_crdt_document":""},"product_brand":[100],"product_cat":[1762,84,265],"product_tag":[],"class_list":{"0":"post-4889","1":"product","2":"type-product","3":"status-publish","4":"has-post-thumbnail","6":"product_brand-moulinex","7":"product_cat-batteur-electrique","8":"product_cat-electromenager","9":"product_cat-petit-electromenager","11":"first","12":"instock","13":"sale","14":"shipping-taxable","15":"purchasable","16":"product-type-simple"},"jetpack_sharing_enabled":true,"_links":{"self":[{"href":"https:\/\/daritek.com\/index.php?rest_route=\/wp\/v2\/product\/4889","targetHints":{"allow":["GET"]}}],"collection":[{"href":"https:\/\/daritek.com\/index.php?rest_route=\/wp\/v2\/product"}],"about":[{"href":"https:\/\/daritek.com\/index.php?rest_route=\/wp\/v2\/types\/product"}],"replies":[{"embeddable":true,"href":"https:\/\/daritek.com\/index.php?rest_route=%2Fwp%2Fv2%2Fcomments&post=4889"}],"wp:featuredmedia":[{"embeddable":true,"href":"https:\/\/daritek.com\/index.php?rest_route=\/wp\/v2\/media\/4890"}],"wp:attachment":[{"href":"https:\/\/daritek.com\/index.php?rest_route=%2Fwp%2Fv2%2Fmedia&parent=4889"}],"wp:term":[{"taxonomy":"product_brand","embeddable":true,"href":"https:\/\/daritek.com\/index.php?rest_route=%2Fwp%2Fv2%2Fproduct_brand&post=4889"},{"taxonomy":"product_cat","embeddable":true,"href":"https:\/\/daritek.com\/index.php?rest_route=%2Fwp%2Fv2%2Fproduct_cat&post=4889"},{"taxonomy":"product_tag","embeddable":true,"href":"https:\/\/daritek.com\/index.php?rest_route=%2Fwp%2Fv2%2Fproduct_tag&post=4889"}],"curies":[{"name":"wp","href":"https:\/\/api.w.org\/{rel}","templated":true}]}}