{"id":4954,"date":"2026-03-06T16:43:08","date_gmt":"2026-03-06T16:43:08","guid":{"rendered":"https:\/\/daritek.com\/?post_type=product&#038;p=4954"},"modified":"2026-03-06T16:43:08","modified_gmt":"2026-03-06T16:43:08","slug":"robot-petrin-double-crochet-1800w-6l-bergmann-silverchef-bsm1500","status":"publish","type":"product","link":"https:\/\/daritek.com\/?product=robot-petrin-double-crochet-1800w-6l-bergmann-silverchef-bsm1500","title":{"rendered":"Robot P\u00e9trin Double Crochet 1800W 6L &#8211; Bergmann SilverCHEF+ BSM1500"},"content":{"rendered":"<h3><strong>Robot P\u00e9trin 3en1 Multifonction avec Bol en Inox 6L 1800W Bergmann BSM 1500 Gris<\/strong><\/h3>\n<p>Avec le robot p\u00e9trin multifonctions BSM 1500 de Bergmann, comprenant un tr\u00e8s grand bol en acier inoxydable de 6 litres pour environ 3 kg, vous pouvez pr\u00e9parer une p\u00e2te parfaite ou d\u2019autres aliments en un rien de temps. Gr\u00e2ce \u00e0 8 niveaux de vitesse, \u00e0 une puissance constante gr\u00e2ce \u00e0 une commande de vitesse \u00e9lectronique en fonction de la charge, \u00e0 un moteur professionnel longue dur\u00e9e, le puissant p\u00e9trin produit des r\u00e9sultats en fonction de vos besoins. Le\u00a0BSM 1500 se distingue \u00e9galement par son look attrayant et ses applications chrom\u00e9es de haute qualit\u00e9 et attirera vraiment l\u2019attention dans votre cuisine.<\/p>\n<p>Avec le bras multifonction, qui peut \u00eatre pivot\u00e9 \u00e0 35\u00b0, y compris le m\u00e9canisme de d\u00e9verrouillage, vous pouvez rapidement et facilement changer d\u2019outil ou retirer le bol de l\u2019appareil. La machine s\u2019arr\u00eate lors du levage du bras gr\u00e2ce \u00e0 son circuit de s\u00e9curit\u00e9.<\/p>\n<p>Avec l\u2019aide du crochet d\u2019agitation en aluminium moul\u00e9 sous pression, vous obtenez un excellent outil pour m\u00e9langer des quantit\u00e9s encore plus grandes de p\u00e2te uniform\u00e9ment et bien (par exemple, p\u00e2te bris\u00e9e ou p\u00e2te crumble).<\/p>\n<p>Avec un moteur professionnel puissant et longue dur\u00e9e 1800 W. 3 types de crochets pour pr\u00e9parer des diff\u00e9rents types des p\u00e2tes (Double crochet en aluminium moul\u00e9 pour la p\u00e2te lourde comme la p\u00e2te \u00e0 levure ou la p\u00e2te \u00e0 pain. Crochet en aluminium moul\u00e9 sous pression pour p\u00e2te l\u00e9g\u00e8re comme la p\u00e2te \u00e0 p\u00e2tisserie courte, la p\u00e2te \u00e0 crumble ou le m\u00e9lange \u00e9ponge. Fouet en acier inoxydable pour fouetter le blanc d\u2019\u0153uf, la cr\u00e8me, la meringue et bien d\u2019autres). Facile \u00e0 utiliser et \u00e0 nettoyer et un support stable gr\u00e2ce aux pieds \u00e0 ventouse.<\/p>\n<p><img fetchpriority=\"high\" decoding=\"async\" class=\"alignnone size-medium wp-image-4955\" src=\"https:\/\/daritek.com\/wp-content\/uploads\/2026\/03\/Untitled-design-9-2-400x400.jpg\" alt=\"\" width=\"400\" height=\"400\" srcset=\"https:\/\/daritek.com\/wp-content\/uploads\/2026\/03\/Untitled-design-9-2-400x400.jpg 400w, https:\/\/daritek.com\/wp-content\/uploads\/2026\/03\/Untitled-design-9-2-800x800.jpg 800w, https:\/\/daritek.com\/wp-content\/uploads\/2026\/03\/Untitled-design-9-2-280x280.jpg 280w, https:\/\/daritek.com\/wp-content\/uploads\/2026\/03\/Untitled-design-9-2-768x768.jpg 768w, https:\/\/daritek.com\/wp-content\/uploads\/2026\/03\/Untitled-design-9-2-100x100.jpg 100w, https:\/\/daritek.com\/wp-content\/uploads\/2026\/03\/Untitled-design-9-2.jpg 1000w\" sizes=\"(max-width: 400px) 100vw, 400px\" \/> <img decoding=\"async\" class=\"alignnone size-medium wp-image-4957\" src=\"https:\/\/daritek.com\/wp-content\/uploads\/2026\/03\/gvc.product.image_.1734896596796.2e589f2a-04d4-42ed-860b-dff28d84653e-400x400.png\" alt=\"\" width=\"400\" height=\"400\" srcset=\"https:\/\/daritek.com\/wp-content\/uploads\/2026\/03\/gvc.product.image_.1734896596796.2e589f2a-04d4-42ed-860b-dff28d84653e-400x400.png 400w, https:\/\/daritek.com\/wp-content\/uploads\/2026\/03\/gvc.product.image_.1734896596796.2e589f2a-04d4-42ed-860b-dff28d84653e-280x280.png 280w, https:\/\/daritek.com\/wp-content\/uploads\/2026\/03\/gvc.product.image_.1734896596796.2e589f2a-04d4-42ed-860b-dff28d84653e-100x100.png 100w, https:\/\/daritek.com\/wp-content\/uploads\/2026\/03\/gvc.product.image_.1734896596796.2e589f2a-04d4-42ed-860b-dff28d84653e.png 500w\" sizes=\"(max-width: 400px) 100vw, 400px\" \/><\/p>\n<h3>Caract\u00e9ristiques techniques<\/h3>\n<table class=\"tech-specs\" style=\"width: 100%; border-collapse: collapse;\">\n<tbody>\n<tr>\n<th style=\"text-align: left; padding: 8px; border-bottom: 1px solid #eee;\">TYPE<\/th>\n<td style=\"padding: 8px; border-bottom: 1px solid #eee;\">P\u00e9trin<\/td>\n<\/tr>\n<tr>\n<th style=\"text-align: left; padding: 8px; border-bottom: 1px solid #eee;\">Marque<\/th>\n<td style=\"padding: 8px; border-bottom: 1px solid #eee;\">BERGMANN<\/td>\n<\/tr>\n<tr>\n<th style=\"text-align: left; padding: 8px; border-bottom: 1px solid #eee;\">Modele<\/th>\n<td style=\"padding: 8px; border-bottom: 1px solid #eee;\">SilverCHEF+<\/td>\n<\/tr>\n<tr>\n<th style=\"text-align: left; padding: 8px; border-bottom: 1px solid #eee;\">R\u00e9f\u00e9rence<\/th>\n<td style=\"padding: 8px; border-bottom: 1px solid #eee;\">BSM1500<\/td>\n<\/tr>\n<tr>\n<th style=\"text-align: left; padding: 8px; border-bottom: 1px solid #eee;\">PUISSANCE<\/th>\n<td style=\"padding: 8px; border-bottom: 1px solid #eee;\">1800W<\/td>\n<\/tr>\n<tr>\n<th style=\"text-align: left; padding: 8px; border-bottom: 1px solid #eee;\">Capacit\u00e9 Du Bol<\/th>\n<td style=\"padding: 8px; border-bottom: 1px solid #eee;\">6 Litres<\/td>\n<\/tr>\n<tr>\n<th style=\"text-align: left; padding: 8px; border-bottom: 1px solid #eee;\">Nombre De Vitesses<\/th>\n<td style=\"padding: 8px; border-bottom: 1px solid #eee;\">8 Vitesses<\/td>\n<\/tr>\n<tr>\n<th style=\"text-align: left; padding: 8px; border-bottom: 1px solid #eee;\">Nombre D&rsquo;accessoires<\/th>\n<td style=\"padding: 8px; border-bottom: 1px solid #eee;\">3 Accessoires<\/td>\n<\/tr>\n<tr>\n<th style=\"text-align: left; padding: 8px; border-bottom: 1px solid #eee;\">Compatibles lave-vaisselle<\/th>\n<td style=\"padding: 8px; border-bottom: 1px solid #eee;\">Oui<\/td>\n<\/tr>\n<\/tbody>\n<\/table>\n","protected":false},"excerpt":{"rendered":"<ul class=\"marker:text-quiet list-disc\">\n<li class=\"py-0 my-0 prose-p:pt-0 prose-p:mb-2 prose-p:my-0 [&amp;&gt;p]:pt-0 [&amp;&gt;p]:mb-2 [&amp;&gt;p]:my-0\"><strong>Puissance<\/strong>\u00a0: 1800 W avec bo\u00eete de vitesses m\u00e9tallique robuste.<span class=\"inline-flex\" aria-label=\"Bergmann Robot P\u00e9trin Double Crochet - 1800 W 6 L - BSM 1500\" data-state=\"closed\">\u200b<\/span><\/li>\n<li class=\"py-0 my-0 prose-p:pt-0 prose-p:mb-2 prose-p:my-0 [&amp;&gt;p]:pt-0 [&amp;&gt;p]:mb-2 [&amp;&gt;p]:my-0\"><strong>Bol<\/strong>\u00a0: acier inoxydable 6 L (capacit\u00e9 3 kg).<span class=\"inline-flex\" aria-label=\"Bergmann Robot P\u00e9trin Double Crochet - 1800 W 6 L - BSM 1500\" data-state=\"closed\">\u200b<\/span><\/li>\n<li class=\"py-0 my-0 prose-p:pt-0 prose-p:mb-2 prose-p:my-0 [&amp;&gt;p]:pt-0 [&amp;&gt;p]:mb-2 [&amp;&gt;p]:my-0\"><strong>Vitesses<\/strong>\u00a0: 8 r\u00e9glables pour toutes applications.<span class=\"inline-flex\" aria-label=\"Bergmann Robot P\u00e9trin Double Crochet - 1800 W 6 L - BSM 1500\" data-state=\"closed\">\u200b<\/span><\/li>\n<li class=\"py-0 my-0 prose-p:pt-0 prose-p:mb-2 prose-p:my-0 [&amp;&gt;p]:pt-0 [&amp;&gt;p]:mb-2 [&amp;&gt;p]:my-0\"><strong>Couvercle<\/strong>\u00a0: transparent anti\u2011\u00e9claboussures avec ouverture de remplissage.<span class=\"inline-flex\" aria-label=\"Bergmann Robot P\u00e9trin Double Crochet - 1800 W 6 L - BSM 1500\" data-state=\"closed\">\u200b<\/span><\/li>\n<li class=\"py-0 my-0 prose-p:pt-0 prose-p:mb-2 prose-p:my-0 [&amp;&gt;p]:pt-0 [&amp;&gt;p]:mb-2 [&amp;&gt;p]:my-0\"><strong>Accessoires<\/strong>\u00a0: mixeur\/p\u00e9trin\/fouet + crochets agitation en aluminium (double crochet pour p\u00e2tes lourdes).<span class=\"inline-flex\" aria-label=\"Bergmann Robot P\u00e9trin Double Crochet - 1800 W 6 L - BSM 1500\" data-state=\"closed\">\u200b<\/span><\/li>\n<li class=\"py-0 my-0 prose-p:pt-0 prose-p:mb-2 prose-p:my-0 [&amp;&gt;p]:pt-0 [&amp;&gt;p]:mb-2 [&amp;&gt;p]:my-0\"><strong>S\u00e9curit\u00e9<\/strong>\u00a0: base antid\u00e9rapante, d\u00e9montage facile pour nettoyage<\/li>\n<\/ul>\n","protected":false},"featured_media":4956,"comment_status":"open","ping_status":"closed","template":"","meta":{"_crdt_document":""},"product_brand":[544],"product_cat":[84,265,323],"product_tag":[],"class_list":{"0":"post-4954","1":"product","2":"type-product","3":"status-publish","4":"has-post-thumbnail","6":"product_brand-bergmann","7":"product_cat-electromenager","8":"product_cat-petit-electromenager","9":"product_cat-petrin","11":"first","12":"instock","13":"shipping-taxable","14":"purchasable","15":"product-type-simple"},"_links":{"self":[{"href":"https:\/\/daritek.com\/index.php?rest_route=\/wp\/v2\/product\/4954","targetHints":{"allow":["GET"]}}],"collection":[{"href":"https:\/\/daritek.com\/index.php?rest_route=\/wp\/v2\/product"}],"about":[{"href":"https:\/\/daritek.com\/index.php?rest_route=\/wp\/v2\/types\/product"}],"replies":[{"embeddable":true,"href":"https:\/\/daritek.com\/index.php?rest_route=%2Fwp%2Fv2%2Fcomments&post=4954"}],"wp:featuredmedia":[{"embeddable":true,"href":"https:\/\/daritek.com\/index.php?rest_route=\/wp\/v2\/media\/4956"}],"wp:attachment":[{"href":"https:\/\/daritek.com\/index.php?rest_route=%2Fwp%2Fv2%2Fmedia&parent=4954"}],"wp:term":[{"taxonomy":"product_brand","embeddable":true,"href":"https:\/\/daritek.com\/index.php?rest_route=%2Fwp%2Fv2%2Fproduct_brand&post=4954"},{"taxonomy":"product_cat","embeddable":true,"href":"https:\/\/daritek.com\/index.php?rest_route=%2Fwp%2Fv2%2Fproduct_cat&post=4954"},{"taxonomy":"product_tag","embeddable":true,"href":"https:\/\/daritek.com\/index.php?rest_route=%2Fwp%2Fv2%2Fproduct_tag&post=4954"}],"curies":[{"name":"wp","href":"https:\/\/api.w.org\/{rel}","templated":true}]}}