{"id":4988,"date":"2026-03-07T16:49:08","date_gmt":"2026-03-07T16:49:08","guid":{"rendered":"https:\/\/daritek.com\/?post_type=product&#038;p=4988"},"modified":"2026-03-07T16:52:44","modified_gmt":"2026-03-07T16:52:44","slug":"robot-petrin-multifonctions-7l-3-5-kg-1200w-silvercrest-tm618","status":"publish","type":"product","link":"https:\/\/daritek.com\/?product=robot-petrin-multifonctions-7l-3-5-kg-1200w-silvercrest-tm618","title":{"rendered":"Robot P\u00e9trin Multifonctions 7L 3.5 KG 1200W &#8211; SilverCrest TM618"},"content":{"rendered":"<h3><strong>Robot P\u00e9trin Multifonctions 7L 1200W SilverCrest TM-618<\/strong><\/h3>\n<p>P\u00e9trissage puissant de toutes sortes d\u2019ingr\u00e9dients, avec le puissant p\u00e9trin avec r\u00e9glage \u00e9lectronique de la vitesse en continu et un \u00e9quipement puissant, vous pouvez pr\u00e9parer la p\u00e2te parfaite (environ 3,5kg) en un rien de temps, gr\u00e2ce \u00e0 sa puissance de 1200 Watts, le grand bol en acier inoxydable d\u2019une capacit\u00e9 de 7 litres suffisamment d\u2019espace pour vos ingr\u00e9dients. Protection anti-\u00e9claboussures transparente avec trou de remplissage, de sorte que vous pouvez ajouter d\u2019autres ingr\u00e9dients pendant le fonctionnement, le couvercle est amovible au lave-vaisselle pour un nettoyage facile. Dispose de pieds robustes pour maintenir la machine pendant que vous travaillez.<\/p>\n<ul>\n<li>Robot multifonctions p\u00e9trin et fouet de 1200 W.<\/li>\n<li>Bol en acier fin de 7 L 3.5 KG.<\/li>\n<li>Crochet en aluminium moul\u00e9, Fouet en acier inoxydable,<\/li>\n<li>Contr\u00f4le \u00e9lectronique de la vitesse.<\/li>\n<li>Position stable gr\u00e2ce aux pieds ventouses.<\/li>\n<li>Engrenage m\u00e9tallique.<\/li>\n<\/ul>\n<p><img fetchpriority=\"high\" decoding=\"async\" class=\"alignnone size-medium wp-image-4990\" src=\"https:\/\/daritek.com\/wp-content\/uploads\/2026\/03\/Untitled-design-9-5-400x400.jpg\" alt=\"\" width=\"400\" height=\"400\" srcset=\"https:\/\/daritek.com\/wp-content\/uploads\/2026\/03\/Untitled-design-9-5-400x400.jpg 400w, https:\/\/daritek.com\/wp-content\/uploads\/2026\/03\/Untitled-design-9-5-800x800.jpg 800w, https:\/\/daritek.com\/wp-content\/uploads\/2026\/03\/Untitled-design-9-5-280x280.jpg 280w, https:\/\/daritek.com\/wp-content\/uploads\/2026\/03\/Untitled-design-9-5-768x768.jpg 768w, https:\/\/daritek.com\/wp-content\/uploads\/2026\/03\/Untitled-design-9-5-100x100.jpg 100w, https:\/\/daritek.com\/wp-content\/uploads\/2026\/03\/Untitled-design-9-5.jpg 1000w\" sizes=\"(max-width: 400px) 100vw, 400px\" \/><img decoding=\"async\" class=\"alignnone size-medium wp-image-4991\" src=\"https:\/\/daritek.com\/wp-content\/uploads\/2026\/03\/gvc.product.image_.1736353962031.47d1e418-a389-4162-83cc-34cf164c6d91-400x400.png\" alt=\"\" width=\"400\" height=\"400\" srcset=\"https:\/\/daritek.com\/wp-content\/uploads\/2026\/03\/gvc.product.image_.1736353962031.47d1e418-a389-4162-83cc-34cf164c6d91-400x400.png 400w, https:\/\/daritek.com\/wp-content\/uploads\/2026\/03\/gvc.product.image_.1736353962031.47d1e418-a389-4162-83cc-34cf164c6d91-800x800.png 800w, https:\/\/daritek.com\/wp-content\/uploads\/2026\/03\/gvc.product.image_.1736353962031.47d1e418-a389-4162-83cc-34cf164c6d91-280x280.png 280w, https:\/\/daritek.com\/wp-content\/uploads\/2026\/03\/gvc.product.image_.1736353962031.47d1e418-a389-4162-83cc-34cf164c6d91-768x768.png 768w, https:\/\/daritek.com\/wp-content\/uploads\/2026\/03\/gvc.product.image_.1736353962031.47d1e418-a389-4162-83cc-34cf164c6d91-1536x1536.png 1536w, https:\/\/daritek.com\/wp-content\/uploads\/2026\/03\/gvc.product.image_.1736353962031.47d1e418-a389-4162-83cc-34cf164c6d91-1000x1000.png 1000w, https:\/\/daritek.com\/wp-content\/uploads\/2026\/03\/gvc.product.image_.1736353962031.47d1e418-a389-4162-83cc-34cf164c6d91-100x100.png 100w, https:\/\/daritek.com\/wp-content\/uploads\/2026\/03\/gvc.product.image_.1736353962031.47d1e418-a389-4162-83cc-34cf164c6d91.png 2000w\" sizes=\"(max-width: 400px) 100vw, 400px\" \/><\/p>\n<h3>Caract\u00e9ristiques techniques<\/h3>\n<table class=\"tech-specs\" style=\"width: 100%; border-collapse: collapse;\">\n<tbody>\n<tr>\n<th style=\"text-align: left; padding: 8px; border-bottom: 1px solid #eee;\">TYPE<\/th>\n<td style=\"padding: 8px; border-bottom: 1px solid #eee;\">P\u00e9trin<\/td>\n<\/tr>\n<tr>\n<th style=\"text-align: left; padding: 8px; border-bottom: 1px solid #eee;\">Marque<\/th>\n<td style=\"padding: 8px; border-bottom: 1px solid #eee;\">SilverCrest<\/td>\n<\/tr>\n<tr>\n<th style=\"text-align: left; padding: 8px; border-bottom: 1px solid #eee;\">R\u00e9f\u00e9rence<\/th>\n<td style=\"padding: 8px; border-bottom: 1px solid #eee;\">TM618<\/td>\n<\/tr>\n<tr>\n<th style=\"text-align: left; padding: 8px; border-bottom: 1px solid #eee;\">PUISSANCE<\/th>\n<td style=\"padding: 8px; border-bottom: 1px solid #eee;\">1200W<\/td>\n<\/tr>\n<tr>\n<th style=\"text-align: left; padding: 8px; border-bottom: 1px solid #eee;\">Capacit\u00e9 Du Bol<\/th>\n<td style=\"padding: 8px; border-bottom: 1px solid #eee;\">7 Litres 3.5kg<\/td>\n<\/tr>\n<tr>\n<th style=\"text-align: left; padding: 8px; border-bottom: 1px solid #eee;\">Nombre De Vitesses<\/th>\n<td style=\"padding: 8px; border-bottom: 1px solid #eee;\">6 Vitesses<\/td>\n<\/tr>\n<tr>\n<th style=\"text-align: left; padding: 8px; border-bottom: 1px solid #eee;\">Nombre D&rsquo;accessoires<\/th>\n<td style=\"padding: 8px; border-bottom: 1px solid #eee;\">3 Accessoires<\/td>\n<\/tr>\n<tr>\n<th style=\"text-align: left; padding: 8px; border-bottom: 1px solid #eee;\">Compatibles lave-vaisselle<\/th>\n<td style=\"padding: 8px; border-bottom: 1px solid #eee;\">Oui<\/td>\n<\/tr>\n<\/tbody>\n<\/table>\n","protected":false},"excerpt":{"rendered":"<ul class=\"marker:text-quiet list-disc\">\n<li class=\"py-0 my-0 prose-p:pt-0 prose-p:mb-2 prose-p:my-0 [&amp;&gt;p]:pt-0 [&amp;&gt;p]:mb-2 [&amp;&gt;p]:my-0\">1200 W : robot puissant pour p\u00e9trir, mixer et fouetter efficacement<span class=\"inline-flex\" aria-label=\"D\u00e9tails du Robot P\u00e9trin Multifonctions 7L 3.5 KG 1200W\" data-state=\"closed\">\u200b<\/span><\/li>\n<li class=\"py-0 my-0 prose-p:pt-0 prose-p:mb-2 prose-p:my-0 [&amp;&gt;p]:pt-0 [&amp;&gt;p]:mb-2 [&amp;&gt;p]:my-0\">Bol inox 7 L (3,5 kg) : id\u00e9al pour les grandes pr\u00e9parations<span class=\"inline-flex\" aria-label=\"D\u00e9tails du Robot P\u00e9trin Multifonctions 7L 3.5 KG 1200W\" data-state=\"closed\">\u200b<\/span><\/li>\n<li class=\"py-0 my-0 prose-p:pt-0 prose-p:mb-2 prose-p:my-0 [&amp;&gt;p]:pt-0 [&amp;&gt;p]:mb-2 [&amp;&gt;p]:my-0\">6 vitesses r\u00e9glables : pour s\u2019adapter \u00e0 diff\u00e9rents usages<span class=\"inline-flex\" aria-label=\"D\u00e9tails du Robot P\u00e9trin Multifonctions 7L 3.5 KG 1200W\" data-state=\"closed\">\u200b<\/span><\/li>\n<li class=\"py-0 my-0 prose-p:pt-0 prose-p:mb-2 prose-p:my-0 [&amp;&gt;p]:pt-0 [&amp;&gt;p]:mb-2 [&amp;&gt;p]:my-0\">Couvercle transparent anti\u2011\u00e9claboussures avec ouverture de remplissage<span class=\"inline-flex\" aria-label=\"D\u00e9tails du Robot P\u00e9trin Multifonctions 7L 3.5 KG 1200W\" data-state=\"closed\">\u200b<\/span><\/li>\n<li class=\"py-0 my-0 prose-p:pt-0 prose-p:mb-2 prose-p:my-0 [&amp;&gt;p]:pt-0 [&amp;&gt;p]:mb-2 [&amp;&gt;p]:my-0\">Syst\u00e8me d\u2019engrenage enti\u00e8rement m\u00e9tallique + bo\u00eete de vitesses robuste<\/li>\n<li class=\"py-0 my-0 prose-p:pt-0 prose-p:mb-2 prose-p:my-0 [&amp;&gt;p]:pt-0 [&amp;&gt;p]:mb-2 [&amp;&gt;p]:my-0\">Accessoires : mixeur\/p\u00e9trin\/fouet, crochets en aluminium, base antid\u00e9rapante, nettoyage facile<\/li>\n<\/ul>\n","protected":false},"featured_media":4989,"comment_status":"open","ping_status":"closed","template":"","meta":{"_crdt_document":""},"product_brand":[740],"product_cat":[84,265,323],"product_tag":[],"class_list":{"0":"post-4988","1":"product","2":"type-product","3":"status-publish","4":"has-post-thumbnail","6":"product_brand-silvercrest","7":"product_cat-electromenager","8":"product_cat-petit-electromenager","9":"product_cat-petrin","11":"first","12":"instock","13":"shipping-taxable","14":"purchasable","15":"product-type-simple"},"jetpack_sharing_enabled":true,"_links":{"self":[{"href":"https:\/\/daritek.com\/index.php?rest_route=\/wp\/v2\/product\/4988","targetHints":{"allow":["GET"]}}],"collection":[{"href":"https:\/\/daritek.com\/index.php?rest_route=\/wp\/v2\/product"}],"about":[{"href":"https:\/\/daritek.com\/index.php?rest_route=\/wp\/v2\/types\/product"}],"replies":[{"embeddable":true,"href":"https:\/\/daritek.com\/index.php?rest_route=%2Fwp%2Fv2%2Fcomments&post=4988"}],"wp:featuredmedia":[{"embeddable":true,"href":"https:\/\/daritek.com\/index.php?rest_route=\/wp\/v2\/media\/4989"}],"wp:attachment":[{"href":"https:\/\/daritek.com\/index.php?rest_route=%2Fwp%2Fv2%2Fmedia&parent=4988"}],"wp:term":[{"taxonomy":"product_brand","embeddable":true,"href":"https:\/\/daritek.com\/index.php?rest_route=%2Fwp%2Fv2%2Fproduct_brand&post=4988"},{"taxonomy":"product_cat","embeddable":true,"href":"https:\/\/daritek.com\/index.php?rest_route=%2Fwp%2Fv2%2Fproduct_cat&post=4988"},{"taxonomy":"product_tag","embeddable":true,"href":"https:\/\/daritek.com\/index.php?rest_route=%2Fwp%2Fv2%2Fproduct_tag&post=4988"}],"curies":[{"name":"wp","href":"https:\/\/api.w.org\/{rel}","templated":true}]}}