{"id":5758,"date":"2026-03-15T13:56:50","date_gmt":"2026-03-15T13:56:50","guid":{"rendered":"https:\/\/daritek.com\/?post_type=product&#038;p=5758"},"modified":"2026-03-23T23:21:41","modified_gmt":"2026-03-23T23:21:41","slug":"%d8%b9%d8%ac%d8%a7%d9%86%d8%a9-%d9%83%d9%87%d8%b1%d8%a8%d8%a7%d8%a6%d9%8a%d8%a9-%d8%a8%d8%ae%d8%b7%d8%a7%d9%81%d9%8a%d9%86-%d9%85%d8%b2%d8%af%d9%88%d8%ac%d9%8a%d9%86-%d8%b3%d8%b9%d8%a9-8-%d9%84%d8%aa","status":"publish","type":"product","link":"https:\/\/daritek.com\/?product=%D8%B9%D8%AC%D8%A7%D9%86%D8%A9-%D9%83%D9%87%D8%B1%D8%A8%D8%A7%D8%A6%D9%8A%D8%A9-%D8%A8%D8%AE%D8%B7%D8%A7%D9%81%D9%8A%D9%86-%D9%85%D8%B2%D8%AF%D9%88%D8%AC%D9%8A%D9%86-%D8%B3%D8%B9%D8%A9-8-%D9%84%D8%AA&lang=ar","title":{"rendered":"\u0639\u062c\u0627\u0646\u0629 \u0643\u0647\u0631\u0628\u0627\u0626\u064a\u0629 \u0628\u062e\u0637\u0627\u0641\u064a\u0646 \u0645\u0632\u062f\u0648\u062c\u064a\u0646 \u0633\u0639\u0629 8 \u0644\u062a\u0631 \u0642\u062f\u0631\u0629 2000 \u0648\u0627\u0637 \u06488 \u0633\u0631\u0639\u0627\u062a &#8211; Bergmann SilverChef+ BSM 8003"},"content":{"rendered":"<h3><strong>\u0639\u062c\u0627\u0646\u0629 \u0643\u0647\u0631\u0628\u0627\u0626\u064a\u0629 \u0628\u062e\u0637\u0627\u0641\u064a\u0646 \u0645\u0632\u062f\u0648\u062c\u064a\u0646 \u0633\u0639\u0629 8 \u0644\u062a\u0631 \u0642\u062f\u0631\u0629 2000 \u0648\u0627\u0637 \u06488 \u0633\u0631\u0639\u0627\u062a &#8211; Bergmann SilverChef+ BSM 8003<\/strong><\/h3>\n<p class=\"my-2 [&amp;+p]:mt-4 [&amp;_strong:has(+br)]:inline-block [&amp;_strong:has(+br)]:pb-2\">\u064a\u064f\u0639\u062f Bergmann SilverChef+ BSM 8003 \u0634\u0631\u064a\u0643\u064b\u0627 \u0639\u0645\u0644\u064a\u064b\u0627 \u0644\u062a\u062d\u0636\u064a\u0631 \u0645\u062e\u062a\u0644\u0641 \u0627\u0644\u0648\u0635\u0641\u0627\u062a\u060c \u0645\u0646 \u0627\u0644\u0639\u062c\u0627\u0626\u0646 \u0627\u0644\u062e\u0641\u064a\u0641\u0629 \u0625\u0644\u0649 \u0627\u0644\u062e\u0644\u0637\u0627\u062a \u0627\u0644\u0623\u0643\u062b\u0631 \u0643\u062b\u0627\u0641\u0629. \u0628\u0641\u0636\u0644 \u0642\u062f\u0631\u0629 2000 \u0648\u0627\u0637\u060c \u064a\u062c\u0645\u0639 \u0647\u0630\u0627 \u0627\u0644\u0639\u062c\u0627\u0646 \u0628\u064a\u0646 \u0627\u0644\u0623\u062f\u0627\u0621 \u0627\u0644\u0642\u0648\u064a\u060c \u0627\u0644\u0645\u062a\u0627\u0646\u0629\u060c \u0648\u0627\u0644\u062a\u0635\u0645\u064a\u0645 \u0627\u0644\u0623\u0646\u064a\u0642 \u0644\u064a\u0644\u0627\u0626\u0645 \u0639\u0634\u0627\u0642 \u0627\u0644\u0637\u0628\u062e \u0648\u0627\u0644\u0627\u0633\u062a\u0639\u0645\u0627\u0644 \u0627\u0644\u0645\u0643\u062b\u0641.<\/p>\n<ul class=\"marker:text-quiet list-disc\">\n<li class=\"py-0 my-0 prose-p:pt-0 prose-p:mb-2 prose-p:my-0 [&amp;&gt;p]:pt-0 [&amp;&gt;p]:mb-2 [&amp;&gt;p]:my-0\">\u0633\u0639\u0629 \u0643\u0628\u064a\u0631\u0629 8 \u0644\u062a\u0631\u0627\u062a \u0645\u0639 \u0648\u0639\u0627\u0621 \u0645\u0646 \u0627\u0644\u0641\u0648\u0644\u0627\u0630 \u0627\u0644\u0645\u0642\u0627\u0648\u0645 \u0644\u0644\u0635\u062f\u0623: \u0645\u062b\u0627\u0644\u064a\u0629 \u0644\u0644\u0643\u0645\u064a\u0627\u062a \u0627\u0644\u0643\u0628\u064a\u0631\u0629\u060c \u0627\u0644\u062e\u0628\u0632\u060c \u0627\u0644\u0628\u0631\u064a\u0648\u0634\u060c \u0627\u0644\u0643\u064a\u0643 \u0648\u0627\u0644\u0639\u062c\u0627\u0626\u0646 \u0627\u0644\u062b\u0642\u064a\u0644\u0629.<\/li>\n<li class=\"py-0 my-0 prose-p:pt-0 prose-p:mb-2 prose-p:my-0 [&amp;&gt;p]:pt-0 [&amp;&gt;p]:mb-2 [&amp;&gt;p]:my-0\">\u0642\u062f\u0631\u0629 \u0639\u0627\u0644\u064a\u0629 2000 \u0648\u0627\u0637: \u062a\u0645\u0646\u062d \u0623\u062f\u0627\u0621\u064b \u062b\u0627\u0628\u062a\u064b\u0627 \u062d\u062a\u0649 \u0645\u0639 \u0627\u0644\u062a\u062d\u0636\u064a\u0631\u0627\u062a \u0627\u0644\u0643\u062b\u064a\u0641\u0629.<\/li>\n<li class=\"py-0 my-0 prose-p:pt-0 prose-p:mb-2 prose-p:my-0 [&amp;&gt;p]:pt-0 [&amp;&gt;p]:mb-2 [&amp;&gt;p]:my-0\">8 \u0633\u0631\u0639\u0627\u062a + \u0648\u0638\u064a\u0641\u0629 Pulse: \u062a\u062d\u0643\u0645 \u062f\u0642\u064a\u0642 \u0644\u064a\u062a\u0646\u0627\u0633\u0628 \u0645\u0639 \u0643\u0644 \u0648\u0635\u0641\u0629.<span class=\"inline-flex\" aria-label=\"D\u00e9tails du Bsm-8003 Robot P\u00e9trin P\u00e2tissier Double Crochet 8L 2000W ...\" data-state=\"closed\">\u200b<\/span><\/li>\n<li class=\"py-0 my-0 prose-p:pt-0 prose-p:mb-2 prose-p:my-0 [&amp;&gt;p]:pt-0 [&amp;&gt;p]:mb-2 [&amp;&gt;p]:my-0\">\u062d\u0631\u0643\u0629 \u0643\u0648\u0643\u0628\u064a\u0629: \u0644\u062e\u0644\u0637 \u0645\u062a\u062c\u0627\u0646\u0633 \u0648\u0627\u062d\u062a\u0631\u0627\u0641\u064a.<span class=\"inline-flex\" aria-label=\"D\u00e9tails du Bsm-8003 Robot P\u00e9trin P\u00e2tissier Double Crochet 8L 2000W ...\" data-state=\"closed\">\u200b<\/span><\/li>\n<li class=\"py-0 my-0 prose-p:pt-0 prose-p:mb-2 prose-p:my-0 [&amp;&gt;p]:pt-0 [&amp;&gt;p]:mb-2 [&amp;&gt;p]:my-0\">\u063a\u0637\u0627\u0621 \u0645\u0636\u0627\u062f \u0644\u0644\u062a\u0646\u0627\u062b\u0631 \u0645\u0639 \u0646\u0627\u0641\u0630\u0629: \u064a\u062a\u064a\u062d \u0625\u0636\u0627\u0641\u0629 \u0627\u0644\u0645\u0643\u0648\u0646\u0627\u062a \u0623\u062b\u0646\u0627\u0621 \u0627\u0644\u062a\u062d\u0636\u064a\u0631 \u062f\u0648\u0646 \u0627\u062a\u0633\u0627\u062e \u0633\u0637\u062d \u0627\u0644\u0639\u0645\u0644.<span class=\"inline-flex\" aria-label=\"D\u00e9tails du Bsm-8003 Robot P\u00e9trin P\u00e2tissier Double Crochet 8L 2000W ...\" data-state=\"closed\">\u200b<\/span><\/li>\n<li class=\"py-0 my-0 prose-p:pt-0 prose-p:mb-2 prose-p:my-0 [&amp;&gt;p]:pt-0 [&amp;&gt;p]:mb-2 [&amp;&gt;p]:my-0\">3 \u0645\u0644\u062d\u0642\u0627\u062a \u0645\u0646 \u0627\u0644\u0623\u0644\u0645\u0646\u064a\u0648\u0645 \u0645\u0631\u0641\u0642\u0629: \u062e\u0637\u0627\u0641\u0627 \u0639\u062c\u0646 \u0645\u0632\u062f\u0648\u062c\u0627\u0646\u060c \u062e\u0637\u0627\u0641 \u062e\u0644\u0637\u060c \u0648\u062e\u0641\u0651\u0627\u0642.<span class=\"inline-flex\" aria-label=\"D\u00e9tails du Bsm-8003 Robot P\u00e9trin P\u00e2tissier Double Crochet 8L 2000W ...\" data-state=\"closed\">\u200b<\/span><\/li>\n<li class=\"py-0 my-0 prose-p:pt-0 prose-p:mb-2 prose-p:my-0 [&amp;&gt;p]:pt-0 [&amp;&gt;p]:mb-2 [&amp;&gt;p]:my-0\">\u0647\u064a\u0643\u0644 \u0645\u062a\u064a\u0646: \u064a\u062c\u0645\u0639 \u0628\u064a\u0646 \u0627\u0644\u0645\u062a\u0627\u0646\u0629\u060c \u0627\u0644\u062b\u0628\u0627\u062a\u060c \u0648\u0627\u0644\u062a\u0635\u0645\u064a\u0645 \u0627\u0644\u0623\u0646\u064a\u0642.<\/li>\n<li class=\"py-0 my-0 prose-p:pt-0 prose-p:mb-2 prose-p:my-0 [&amp;&gt;p]:pt-0 [&amp;&gt;p]:mb-2 [&amp;&gt;p]:my-0\">\u0642\u0627\u0639\u062f\u0629 \u0645\u0636\u0627\u062f\u0629 \u0644\u0644\u0627\u0646\u0632\u0644\u0627\u0642: \u0644\u0645\u0632\u064a\u062f \u0645\u0646 \u0627\u0644\u0623\u0645\u0627\u0646 \u0648\u0627\u0644\u062b\u0628\u0627\u062a \u0623\u062b\u0646\u0627\u0621 \u0627\u0644\u0627\u0633\u062a\u0639\u0645\u0627\u0644.<span class=\"inline-flex\" aria-label=\"D\u00e9tails du Bsm-8003 Robot P\u00e9trin P\u00e2tissier Double Crochet 8L 2000W ...\" data-state=\"closed\">\u200b<\/span><\/li>\n<li class=\"py-0 my-0 prose-p:pt-0 prose-p:mb-2 prose-p:my-0 [&amp;&gt;p]:pt-0 [&amp;&gt;p]:mb-2 [&amp;&gt;p]:my-0\">\u0633\u0647\u0644 \u0627\u0644\u062a\u0646\u0638\u064a\u0641: \u0627\u0644\u0648\u0639\u0627\u0621 \u0648\u0627\u0644\u0645\u0644\u062d\u0642\u0627\u062a \u0633\u0647\u0644\u0627\u0646 \u0641\u064a \u0627\u0644\u0639\u0646\u0627\u064a\u0629 \u0627\u0644\u064a\u0648\u0645\u064a\u0629.<\/li>\n<\/ul>\n<p class=\"my-2 [&amp;+p]:mt-4 [&amp;_strong:has(+br)]:inline-block [&amp;_strong:has(+br)]:pb-2\">\u0627\u062c\u0645\u0639 \u0628\u064a\u0646 \u0627\u0644\u0623\u062f\u0627\u0621\u060c \u0627\u0644\u062a\u0639\u062f\u062f\u060c \u0648\u0627\u0644\u0639\u0635\u0631\u064a\u0629 \u0628\u0627\u062e\u062a\u064a\u0627\u0631 Bergmann SilverChef+ BSM 8003\u060c \u0639\u062c\u0627\u0646\u0643 \u0627\u0644\u0645\u062b\u0627\u0644\u064a \u0644\u0645\u062e\u062a\u0644\u0641 \u062a\u062d\u0636\u064a\u0631\u0627\u062a\u0643 \u0641\u064a \u0627\u0644\u0645\u0637\u0628\u062e. \u0633\u0627\u0631\u0639 \u0628\u0637\u0644\u0628\u0647 \u0627\u0644\u0622\u0646 \u0648\u0627\u0633\u062a\u0641\u062f \u0645\u0646 \u062c\u0647\u0627\u0632 \u0642\u0648\u064a \u0648\u0639\u0645\u0644\u064a \u064a\u0648\u0641\u0631 \u0644\u0643 \u0623\u062f\u0627\u0621\u064b \u0641\u0639\u0627\u0644\u064b\u0627 \u0648\u0633\u0639\u0629 \u0645\u0646\u0627\u0633\u0628\u0629 \u0644\u062a\u062d\u0636\u064a\u0631 \u0648\u0635\u0641\u0627\u062a\u0643 \u0628\u0633\u0647\u0648\u0644\u0629.<\/p>\n<p><img fetchpriority=\"high\" decoding=\"async\" class=\"alignnone size-medium wp-image-5751\" src=\"https:\/\/daritek.com\/wp-content\/uploads\/2026\/03\/41-3-400x400.jpg\" alt=\"\" width=\"400\" height=\"400\" srcset=\"https:\/\/daritek.com\/wp-content\/uploads\/2026\/03\/41-3-400x400.jpg 400w, https:\/\/daritek.com\/wp-content\/uploads\/2026\/03\/41-3-800x800.jpg 800w, https:\/\/daritek.com\/wp-content\/uploads\/2026\/03\/41-3-280x280.jpg 280w, https:\/\/daritek.com\/wp-content\/uploads\/2026\/03\/41-3-768x768.jpg 768w, https:\/\/daritek.com\/wp-content\/uploads\/2026\/03\/41-3-100x100.jpg 100w, https:\/\/daritek.com\/wp-content\/uploads\/2026\/03\/41-3.jpg 1000w\" sizes=\"(max-width: 400px) 100vw, 400px\" \/> <img decoding=\"async\" class=\"alignnone size-medium wp-image-5749\" src=\"https:\/\/daritek.com\/wp-content\/uploads\/2026\/03\/31-4-400x400.jpg\" alt=\"\" width=\"400\" height=\"400\" srcset=\"https:\/\/daritek.com\/wp-content\/uploads\/2026\/03\/31-4-400x400.jpg 400w, https:\/\/daritek.com\/wp-content\/uploads\/2026\/03\/31-4-800x800.jpg 800w, https:\/\/daritek.com\/wp-content\/uploads\/2026\/03\/31-4-280x280.jpg 280w, https:\/\/daritek.com\/wp-content\/uploads\/2026\/03\/31-4-768x768.jpg 768w, https:\/\/daritek.com\/wp-content\/uploads\/2026\/03\/31-4-100x100.jpg 100w, https:\/\/daritek.com\/wp-content\/uploads\/2026\/03\/31-4.jpg 1000w\" sizes=\"(max-width: 400px) 100vw, 400px\" \/><\/p>\n<p><img decoding=\"async\" class=\"alignnone size-medium wp-image-5749\" src=\"https:\/\/daritek.com\/wp-content\/uploads\/2026\/03\/31-4-400x400.jpg\" alt=\"\" width=\"400\" height=\"400\" srcset=\"https:\/\/daritek.com\/wp-content\/uploads\/2026\/03\/31-4-400x400.jpg 400w, https:\/\/daritek.com\/wp-content\/uploads\/2026\/03\/31-4-800x800.jpg 800w, https:\/\/daritek.com\/wp-content\/uploads\/2026\/03\/31-4-280x280.jpg 280w, https:\/\/daritek.com\/wp-content\/uploads\/2026\/03\/31-4-768x768.jpg 768w, https:\/\/daritek.com\/wp-content\/uploads\/2026\/03\/31-4-100x100.jpg 100w, https:\/\/daritek.com\/wp-content\/uploads\/2026\/03\/31-4.jpg 1000w\" sizes=\"(max-width: 400px) 100vw, 400px\" \/> <img decoding=\"async\" class=\"alignnone size-medium wp-image-5750\" src=\"https:\/\/daritek.com\/wp-content\/uploads\/2026\/03\/21-4-400x400.jpg\" alt=\"\" width=\"400\" height=\"400\" srcset=\"https:\/\/daritek.com\/wp-content\/uploads\/2026\/03\/21-4-400x400.jpg 400w, https:\/\/daritek.com\/wp-content\/uploads\/2026\/03\/21-4-800x800.jpg 800w, https:\/\/daritek.com\/wp-content\/uploads\/2026\/03\/21-4-280x280.jpg 280w, https:\/\/daritek.com\/wp-content\/uploads\/2026\/03\/21-4-768x768.jpg 768w, https:\/\/daritek.com\/wp-content\/uploads\/2026\/03\/21-4-100x100.jpg 100w, https:\/\/daritek.com\/wp-content\/uploads\/2026\/03\/21-4.jpg 1000w\" sizes=\"(max-width: 400px) 100vw, 400px\" \/><\/p>\n<h3 dir=\"rtl\" style=\"text-align: right; direction: rtl;\">\u0627\u0644\u0645\u0648\u0627\u0635\u0641\u0627\u062a \u0627\u0644\u062a\u0642\u0646\u064a\u0629<\/h3>\n<table class=\"tech-specs\" dir=\"rtl\" style=\"width: 100%; border-collapse: collapse; direction: rtl;\">\n<tbody>\n<tr>\n<th style=\"text-align: right; padding: 8px; border-bottom: 1px solid #eee;\">\u0627\u0644\u0646\u0648\u0639<\/th>\n<td style=\"text-align: right; padding: 8px; border-bottom: 1px solid #eee;\">\u0639\u062c\u0627\u0646\u0629<\/td>\n<\/tr>\n<tr>\n<th style=\"text-align: right; padding: 8px; border-bottom: 1px solid #eee;\">\u0627\u0644\u0639\u0644\u0627\u0645\u0629 \u0627\u0644\u062a\u062c\u0627\u0631\u064a\u0629<\/th>\n<td style=\"text-align: right; padding: 8px; border-bottom: 1px solid #eee;\">Bergmann<\/td>\n<\/tr>\n<tr>\n<th style=\"text-align: right; padding: 8px; border-bottom: 1px solid #eee;\">\u0631\u0642\u0645 \u0627\u0644\u0645\u0648\u062f\u064a\u0644<\/th>\n<td style=\"text-align: right; padding: 8px; border-bottom: 1px solid #eee;\">BSM 8003<\/td>\n<\/tr>\n<tr>\n<th style=\"text-align: right; padding: 8px; border-bottom: 1px solid #eee;\">\u0627\u0644\u0642\u062f\u0631\u0629<\/th>\n<td style=\"text-align: right; padding: 8px; border-bottom: 1px solid #eee;\">2000W<\/td>\n<\/tr>\n<tr>\n<th style=\"text-align: right; padding: 8px; border-bottom: 1px solid #eee;\">\u0627\u0644\u0633\u0639\u0629<\/th>\n<td style=\"text-align: right; padding: 8px; border-bottom: 1px solid #eee;\">8 \u0644\u062a\u0631<\/td>\n<\/tr>\n<tr>\n<th style=\"text-align: right; padding: 8px; border-bottom: 1px solid #eee;\">\u0639\u062f\u062f \u0627\u0644\u0633\u0631\u0639\u0627\u062a<\/th>\n<td style=\"text-align: right; padding: 8px; border-bottom: 1px solid #eee;\">8 \u0633\u0631\u0639\u0627\u062a + \u0646\u0628\u0636<\/td>\n<\/tr>\n<tr>\n<th style=\"text-align: right; padding: 8px; border-bottom: 1px solid #eee;\">\u0639\u062f\u062f \u0627\u0644\u0645\u0644\u062d\u0642\u0627\u062a<\/th>\n<td style=\"text-align: right; padding: 8px; border-bottom: 1px solid #eee;\">3 \u0645\u0644\u062d\u0642\u0627\u062a<\/td>\n<\/tr>\n<tr>\n<th style=\"text-align: right; padding: 8px; border-bottom: 1px solid #eee;\">\u0642\u0627\u0628\u0644\u0629 \u0644\u0644\u063a\u0633\u0644 \u0641\u064a \u063a\u0633\u0627\u0644\u0629 \u0627\u0644\u0635\u062d\u0648\u0646<\/th>\n<td style=\"text-align: right; padding: 8px; border-bottom: 1px solid #eee;\">\u0646\u0639\u0645<\/td>\n<\/tr>\n<\/tbody>\n<\/table>\n","protected":false},"excerpt":{"rendered":"<ul class=\"marker:text-quiet list-disc\">\n<li class=\"py-0 my-0 prose-p:pt-0 prose-p:mb-2 prose-p:my-0 [&amp;&gt;p]:pt-0 [&amp;&gt;p]:mb-2 [&amp;&gt;p]:my-0\">\u0633\u0639\u0629 \u0643\u0628\u064a\u0631\u0629: \u0648\u0639\u0627\u0621 \u0645\u0646 \u0627\u0644\u0641\u0648\u0644\u0627\u0630 \u0627\u0644\u0645\u0642\u0627\u0648\u0645 \u0644\u0644\u0635\u062f\u0623 8 \u0644\u062a\u0631.<span class=\"inline-flex\" aria-label=\"D\u00e9tails du Robot P\u00e9trin P\u00e2tissier Double Crochet 8L 2000W 8 ...\" data-state=\"closed\">\u200b<\/span><\/li>\n<li class=\"py-0 my-0 prose-p:pt-0 prose-p:mb-2 prose-p:my-0 [&amp;&gt;p]:pt-0 [&amp;&gt;p]:mb-2 [&amp;&gt;p]:my-0\">\u0642\u062f\u0631\u0629 \u0639\u0627\u0644\u064a\u0629: 2000 \u0648\u0627\u0637.<span class=\"inline-flex\" aria-label=\"D\u00e9tails du Robot P\u00e9trin P\u00e2tissier Double Crochet 8L 2000W 8 ...\" data-state=\"closed\">\u200b<\/span><\/li>\n<li class=\"py-0 my-0 prose-p:pt-0 prose-p:mb-2 prose-p:my-0 [&amp;&gt;p]:pt-0 [&amp;&gt;p]:mb-2 [&amp;&gt;p]:my-0\">8 \u0633\u0631\u0639\u0627\u062a + \u0648\u0638\u064a\u0641\u0629 Pulse \u0644\u0636\u0628\u0637 \u062f\u0642\u064a\u0642 \u062d\u0633\u0628 \u0646\u0648\u0639 \u0627\u0644\u062a\u062d\u0636\u064a\u0631.<span class=\"inline-flex\" aria-label=\"D\u00e9tails du Robot P\u00e9trin P\u00e2tissier Double Crochet 8L 2000W 8 ...\" data-state=\"closed\">\u200b<\/span><\/li>\n<li class=\"py-0 my-0 prose-p:pt-0 prose-p:mb-2 prose-p:my-0 [&amp;&gt;p]:pt-0 [&amp;&gt;p]:mb-2 [&amp;&gt;p]:my-0\">\u062d\u0631\u0643\u0629 \u0643\u0648\u0643\u0628\u064a\u0629 \u0645\u0639 \u063a\u0637\u0627\u0621 \u0645\u0636\u0627\u062f \u0644\u0644\u062a\u0646\u0627\u062b\u0631 \u0645\u0632\u0648\u062f \u0628\u0641\u062a\u062d\u0629 \u0645\u062a\u0627\u0628\u0639\u0629.<span class=\"inline-flex\" aria-label=\"D\u00e9tails du Robot P\u00e9trin P\u00e2tissier Double Crochet 8L 2000W 8 ...\" data-state=\"closed\">\u200b<\/span><\/li>\n<li class=\"py-0 my-0 prose-p:pt-0 prose-p:mb-2 prose-p:my-0 [&amp;&gt;p]:pt-0 [&amp;&gt;p]:mb-2 [&amp;&gt;p]:my-0\">3 \u0645\u0644\u062d\u0642\u0627\u062a \u0645\u0631\u0641\u0642\u0629: \u062e\u0637\u0627\u0641\u0627 \u0639\u062c\u0646 \u0645\u0632\u062f\u0648\u062c\u0627\u0646\u060c \u0623\u062f\u0627\u0629 \u062e\u0644\u0637\u060c \u0648\u062e\u0641\u0651\u0627\u0642.<span class=\"inline-flex\" aria-label=\"D\u00e9tails du Robot P\u00e9trin P\u00e2tissier Double Crochet 8L 2000W 8 ...\" data-state=\"closed\">\u200b<\/span><\/li>\n<li class=\"py-0 my-0 prose-p:pt-0 prose-p:mb-2 prose-p:my-0 [&amp;&gt;p]:pt-0 [&amp;&gt;p]:mb-2 [&amp;&gt;p]:my-0\">\u0647\u064a\u0643\u0644 \u0645\u062a\u064a\u0646\u060c \u0642\u0627\u0639\u062f\u0629 \u0645\u0636\u0627\u062f\u0629 \u0644\u0644\u0627\u0646\u0632\u0644\u0627\u0642\u060c \u0648\u062a\u0646\u0638\u064a\u0641 \u0633\u0647\u0644.<\/li>\n<\/ul>\n","protected":false},"featured_media":5759,"comment_status":"open","ping_status":"closed","template":"","meta":{"_crdt_document":""},"product_brand":[546],"product_cat":[267,261,325],"product_tag":[],"class_list":{"0":"post-5758","1":"product","2":"type-product","3":"status-publish","4":"has-post-thumbnail","6":"product_brand-bergmann-ar","7":"product_cat-267","8":"product_cat-261","9":"product_cat-325","11":"first","12":"instock","13":"sale","14":"shipping-taxable","15":"purchasable","16":"product-type-simple"},"jetpack_sharing_enabled":true,"_links":{"self":[{"href":"https:\/\/daritek.com\/index.php?rest_route=\/wp\/v2\/product\/5758","targetHints":{"allow":["GET"]}}],"collection":[{"href":"https:\/\/daritek.com\/index.php?rest_route=\/wp\/v2\/product"}],"about":[{"href":"https:\/\/daritek.com\/index.php?rest_route=\/wp\/v2\/types\/product"}],"replies":[{"embeddable":true,"href":"https:\/\/daritek.com\/index.php?rest_route=%2Fwp%2Fv2%2Fcomments&post=5758"}],"wp:featuredmedia":[{"embeddable":true,"href":"https:\/\/daritek.com\/index.php?rest_route=\/wp\/v2\/media\/5759"}],"wp:attachment":[{"href":"https:\/\/daritek.com\/index.php?rest_route=%2Fwp%2Fv2%2Fmedia&parent=5758"}],"wp:term":[{"taxonomy":"product_brand","embeddable":true,"href":"https:\/\/daritek.com\/index.php?rest_route=%2Fwp%2Fv2%2Fproduct_brand&post=5758"},{"taxonomy":"product_cat","embeddable":true,"href":"https:\/\/daritek.com\/index.php?rest_route=%2Fwp%2Fv2%2Fproduct_cat&post=5758"},{"taxonomy":"product_tag","embeddable":true,"href":"https:\/\/daritek.com\/index.php?rest_route=%2Fwp%2Fv2%2Fproduct_tag&post=5758"}],"curies":[{"name":"wp","href":"https:\/\/api.w.org\/{rel}","templated":true}]}}