{"id":7276,"date":"2026-04-07T11:26:34","date_gmt":"2026-04-07T11:26:34","guid":{"rendered":"https:\/\/daritek.com\/?post_type=product&#038;p=7276"},"modified":"2026-04-07T11:31:53","modified_gmt":"2026-04-07T11:31:53","slug":"armoire-de-rangement-de-vetements-demontable-gris-130x45x175-cm","status":"publish","type":"product","link":"https:\/\/daritek.com\/?product=armoire-de-rangement-de-vetements-demontable-gris-130x45x175-cm","title":{"rendered":"Armoire de Rangement de V\u00eatements Demontable Gris &#8211; 130x45x175 cm"},"content":{"rendered":"<p>Cette armoire penderie sera id\u00e9ale dans votre domicile ou bureau \u00e0 un bon prix , facile \u00e0 monter et \u00e0 d\u00e9placer sa penderie et ses \u00e9tag\u00e8res lui offrent une grande capacit\u00e9 de rangement qui vous permettra d&rsquo;y organiser toutes vos affaires correctement.<\/p>\n<p>Cette armoire portable est une grande unit\u00e9 de rangement pour garder votre chambre propre et bien rang\u00e9.<br \/>\nBesoin d&rsquo;espace suppl\u00e9mentaire pour vos v\u00eatements?<br \/>\nCette armoire double avec housse en tissu non tiss\u00e9 est une solution id\u00e9ale pour ranger v\u00eatements, chaussures, livres, jouets et plus encore! Parfaite pour toutes les chambres et dot\u00e9e d&rsquo;une housse en tissu non tiss\u00e9 qui offre non seulement un superbe look, mais aussi une fa\u00e7on fabuleuse de cacher tout g\u00e2chis disgracieux.<br \/>\nPlacez-le dans votre chambre ou dans la chambre des enfants et r\u00e9cup\u00e9rez cet espace pr\u00e9cieux De longs espaces suspendus permettent de v\u00eatir des robes et des combinaisons spatiales occasionnelles, tandis que les \u00e9tag\u00e8res fournissent des espaces plus petits pour les v\u00eatements pliables, les accessoires et les chats qui font la sieste<\/p>\n<p>Cela prendra 15-20 minutes pour l&rsquo;installation et aucun outil ou travail qualifi\u00e9 requis.l&rsquo;armoire portative a un espace de suspension et des \u00e9tag\u00e8res qui sont tr\u00e8s pratiques et le couvercle rabattable garde la poussi\u00e8re<\/p>\n<ul>\n<li>Mati\u00e8re : Acier \/ tissu<\/li>\n<li>Largeur : 45 Cm<\/li>\n<li>Longueur : 130 Cm<\/li>\n<li>Hauteur : 175 Cm<\/li>\n<li>Type de Fermoir : Zip<\/li>\n<\/ul>\n<p><img fetchpriority=\"high\" decoding=\"async\" class=\"alignnone size-medium wp-image-7282\" src=\"https:\/\/daritek.com\/wp-content\/uploads\/2026\/04\/ARMOIRE130GRISE-4-400x400.png\" alt=\"\" width=\"400\" height=\"400\" srcset=\"https:\/\/daritek.com\/wp-content\/uploads\/2026\/04\/ARMOIRE130GRISE-4-400x400.png 400w, https:\/\/daritek.com\/wp-content\/uploads\/2026\/04\/ARMOIRE130GRISE-4-800x800.png 800w, https:\/\/daritek.com\/wp-content\/uploads\/2026\/04\/ARMOIRE130GRISE-4-280x280.png 280w, https:\/\/daritek.com\/wp-content\/uploads\/2026\/04\/ARMOIRE130GRISE-4-768x768.png 768w, https:\/\/daritek.com\/wp-content\/uploads\/2026\/04\/ARMOIRE130GRISE-4-1536x1536.png 1536w, https:\/\/daritek.com\/wp-content\/uploads\/2026\/04\/ARMOIRE130GRISE-4-1000x1000.png 1000w, https:\/\/daritek.com\/wp-content\/uploads\/2026\/04\/ARMOIRE130GRISE-4-100x100.png 100w, https:\/\/daritek.com\/wp-content\/uploads\/2026\/04\/ARMOIRE130GRISE-4.png 2000w\" sizes=\"(max-width: 400px) 100vw, 400px\" \/> <img decoding=\"async\" class=\"alignnone size-medium wp-image-7280\" src=\"https:\/\/daritek.com\/wp-content\/uploads\/2026\/04\/ARMOIRE130GRISE-2-441x400.png\" alt=\"\" width=\"441\" height=\"400\" srcset=\"https:\/\/daritek.com\/wp-content\/uploads\/2026\/04\/ARMOIRE130GRISE-2-441x400.png 441w, https:\/\/daritek.com\/wp-content\/uploads\/2026\/04\/ARMOIRE130GRISE-2.png 564w\" sizes=\"(max-width: 441px) 100vw, 441px\" \/><\/p>\n<p><img decoding=\"async\" class=\"alignnone size-medium wp-image-7279\" src=\"https:\/\/daritek.com\/wp-content\/uploads\/2026\/04\/ARMOIRE130GRISE-1-422x400.png\" alt=\"\" width=\"422\" height=\"400\" srcset=\"https:\/\/daritek.com\/wp-content\/uploads\/2026\/04\/ARMOIRE130GRISE-1-422x400.png 422w, https:\/\/daritek.com\/wp-content\/uploads\/2026\/04\/ARMOIRE130GRISE-1.png 508w\" sizes=\"(max-width: 422px) 100vw, 422px\" \/> <img loading=\"lazy\" decoding=\"async\" class=\"alignnone size-medium wp-image-7278\" src=\"https:\/\/daritek.com\/wp-content\/uploads\/2026\/04\/ARMOIRE130GRISE-420x400.png\" alt=\"\" width=\"420\" height=\"400\" srcset=\"https:\/\/daritek.com\/wp-content\/uploads\/2026\/04\/ARMOIRE130GRISE-420x400.png 420w, https:\/\/daritek.com\/wp-content\/uploads\/2026\/04\/ARMOIRE130GRISE.png 516w\" sizes=\"(max-width: 420px) 100vw, 420px\" \/><\/p>\n","protected":false},"excerpt":{"rendered":"<ul>\n<li>solution parfaite pour se d\u00e9barrasser de l\u2019encombrement \u00e0 la maison.<\/li>\n<li>Design innovant de haute qualit\u00e9 avec compartiment lat\u00e9ral pour suspendre les v\u00eatements.<\/li>\n<li>\u00c9quip\u00e9 d\u2019un rideau anti-poussi\u00e8re \u00e0 l\u2019avant pour garder les articles propres.<\/li>\n<li>Fabriqu\u00e9 en acier inoxydable avec toile de haute qualit\u00e9.<\/li>\n<li>Ajoutez une touche d\u2019\u00e9l\u00e9gance \u00e0 votre maison.<\/li>\n<li>Dimensions : 130x45x175cm.<\/li>\n<\/ul>\n","protected":false},"featured_media":7283,"comment_status":"open","ping_status":"closed","template":"","meta":{"_crdt_document":""},"product_brand":[],"product_cat":[415,71,419],"product_tag":[],"class_list":{"0":"post-7276","1":"product","2":"type-product","3":"status-publish","4":"has-post-thumbnail","6":"product_cat-maison","7":"product_cat-maison-cuisine","8":"product_cat-rangement-et-organisation","10":"first","11":"instock","12":"sale","13":"shipping-taxable","14":"purchasable","15":"product-type-simple"},"jetpack_sharing_enabled":true,"_links":{"self":[{"href":"https:\/\/daritek.com\/index.php?rest_route=\/wp\/v2\/product\/7276","targetHints":{"allow":["GET"]}}],"collection":[{"href":"https:\/\/daritek.com\/index.php?rest_route=\/wp\/v2\/product"}],"about":[{"href":"https:\/\/daritek.com\/index.php?rest_route=\/wp\/v2\/types\/product"}],"replies":[{"embeddable":true,"href":"https:\/\/daritek.com\/index.php?rest_route=%2Fwp%2Fv2%2Fcomments&post=7276"}],"wp:featuredmedia":[{"embeddable":true,"href":"https:\/\/daritek.com\/index.php?rest_route=\/wp\/v2\/media\/7283"}],"wp:attachment":[{"href":"https:\/\/daritek.com\/index.php?rest_route=%2Fwp%2Fv2%2Fmedia&parent=7276"}],"wp:term":[{"taxonomy":"product_brand","embeddable":true,"href":"https:\/\/daritek.com\/index.php?rest_route=%2Fwp%2Fv2%2Fproduct_brand&post=7276"},{"taxonomy":"product_cat","embeddable":true,"href":"https:\/\/daritek.com\/index.php?rest_route=%2Fwp%2Fv2%2Fproduct_cat&post=7276"},{"taxonomy":"product_tag","embeddable":true,"href":"https:\/\/daritek.com\/index.php?rest_route=%2Fwp%2Fv2%2Fproduct_tag&post=7276"}],"curies":[{"name":"wp","href":"https:\/\/api.w.org\/{rel}","templated":true}]}}