{"id":7635,"date":"2026-04-12T20:38:37","date_gmt":"2026-04-12T20:38:37","guid":{"rendered":"https:\/\/daritek.com\/?post_type=product&#038;p=7635"},"modified":"2026-04-12T20:38:37","modified_gmt":"2026-04-12T20:38:37","slug":"panineuse-et-gaufrier-electrique-3en1-silvercrest-multifonctions-800-w-hrw6101","status":"publish","type":"product","link":"https:\/\/daritek.com\/?product=panineuse-et-gaufrier-electrique-3en1-silvercrest-multifonctions-800-w-hrw6101","title":{"rendered":"Panineuse Et Gaufrier Electrique 3en1 SilverCrest Multifonctions 800 W &#8211; HRW6101"},"content":{"rendered":"<h3><strong>Panineuse Et Gaufrier Electrique 3en1 SilverCrest Multifonctions 800 W &#8211; HRW6101<\/strong><\/h3>\n<p>Profitez de multiples pr\u00e9parations gourmandes avec l\u2019<strong>appareil 3 en 1 SilverCrest Panini, Gaufrier et croques<\/strong>. Compact et puissant, il vous permet de r\u00e9aliser facilement des paninis croustillants, des gaufres dor\u00e9es et des croques savoureuses.<\/p>\n<ul>\n<li>Appareil multifonction 3 en 1 : panini, gaufres et croques.<\/li>\n<li>Puissance de 800W pour une cuisson rapide et homog\u00e8ne.<\/li>\n<li>Plaques de cuisson amovibles et antiadh\u00e9sives pour un d\u00e9moulage facile et un nettoyage simplifi\u00e9.<\/li>\n<li>T\u00e9moin lumineux de mise en marche et de chauffe pour un usage pratique.<\/li>\n<li>Fermeture de s\u00e9curit\u00e9 et design compact pour un rangement sans encombre.<\/li>\n<li>Parfait pour une utilisation quotidienne \u00e0 la maison.<\/li>\n<\/ul>\n<p>Avec le\u00a0<strong>SilverCrest 3 en 1<\/strong>, pr\u00e9parez rapidement vos encas et repas tout en gagnant du temps et de la place dans votre cuisine.<\/p>\n<p><img fetchpriority=\"high\" decoding=\"async\" class=\"alignnone size-medium wp-image-7640\" src=\"https:\/\/daritek.com\/wp-content\/uploads\/2026\/04\/Design-sans-titre-5-2-400x400.png\" alt=\"\" width=\"400\" height=\"400\" srcset=\"https:\/\/daritek.com\/wp-content\/uploads\/2026\/04\/Design-sans-titre-5-2-400x400.png 400w, https:\/\/daritek.com\/wp-content\/uploads\/2026\/04\/Design-sans-titre-5-2-280x280.png 280w, https:\/\/daritek.com\/wp-content\/uploads\/2026\/04\/Design-sans-titre-5-2-100x100.png 100w, https:\/\/daritek.com\/wp-content\/uploads\/2026\/04\/Design-sans-titre-5-2.png 500w\" sizes=\"(max-width: 400px) 100vw, 400px\" \/> <img decoding=\"async\" class=\"alignnone size-medium wp-image-7637\" src=\"https:\/\/daritek.com\/wp-content\/uploads\/2026\/04\/Design-sans-titre-2-6-400x400.png\" alt=\"\" width=\"400\" height=\"400\" srcset=\"https:\/\/daritek.com\/wp-content\/uploads\/2026\/04\/Design-sans-titre-2-6-400x400.png 400w, https:\/\/daritek.com\/wp-content\/uploads\/2026\/04\/Design-sans-titre-2-6-280x280.png 280w, https:\/\/daritek.com\/wp-content\/uploads\/2026\/04\/Design-sans-titre-2-6-100x100.png 100w, https:\/\/daritek.com\/wp-content\/uploads\/2026\/04\/Design-sans-titre-2-6.png 500w\" sizes=\"(max-width: 400px) 100vw, 400px\" \/> <img decoding=\"async\" class=\"alignnone size-medium wp-image-7639\" src=\"https:\/\/daritek.com\/wp-content\/uploads\/2026\/04\/Design-sans-titre-4-3-400x400.png\" alt=\"\" width=\"400\" height=\"400\" srcset=\"https:\/\/daritek.com\/wp-content\/uploads\/2026\/04\/Design-sans-titre-4-3-400x400.png 400w, https:\/\/daritek.com\/wp-content\/uploads\/2026\/04\/Design-sans-titre-4-3-280x280.png 280w, https:\/\/daritek.com\/wp-content\/uploads\/2026\/04\/Design-sans-titre-4-3-100x100.png 100w, https:\/\/daritek.com\/wp-content\/uploads\/2026\/04\/Design-sans-titre-4-3.png 500w\" sizes=\"(max-width: 400px) 100vw, 400px\" \/> <img loading=\"lazy\" decoding=\"async\" class=\"alignnone size-medium wp-image-7641\" src=\"https:\/\/daritek.com\/wp-content\/uploads\/2026\/04\/Design-sans-titre-24-400x400.png\" alt=\"\" width=\"400\" height=\"400\" srcset=\"https:\/\/daritek.com\/wp-content\/uploads\/2026\/04\/Design-sans-titre-24-400x400.png 400w, https:\/\/daritek.com\/wp-content\/uploads\/2026\/04\/Design-sans-titre-24-280x280.png 280w, https:\/\/daritek.com\/wp-content\/uploads\/2026\/04\/Design-sans-titre-24-100x100.png 100w, https:\/\/daritek.com\/wp-content\/uploads\/2026\/04\/Design-sans-titre-24.png 500w\" sizes=\"(max-width: 400px) 100vw, 400px\" \/> <img loading=\"lazy\" decoding=\"async\" class=\"alignnone size-medium wp-image-7638\" src=\"https:\/\/daritek.com\/wp-content\/uploads\/2026\/04\/Design-sans-titre-3-3-400x400.png\" alt=\"\" width=\"400\" height=\"400\" srcset=\"https:\/\/daritek.com\/wp-content\/uploads\/2026\/04\/Design-sans-titre-3-3-400x400.png 400w, https:\/\/daritek.com\/wp-content\/uploads\/2026\/04\/Design-sans-titre-3-3-280x280.png 280w, https:\/\/daritek.com\/wp-content\/uploads\/2026\/04\/Design-sans-titre-3-3-100x100.png 100w, https:\/\/daritek.com\/wp-content\/uploads\/2026\/04\/Design-sans-titre-3-3.png 500w\" sizes=\"(max-width: 400px) 100vw, 400px\" \/> <img loading=\"lazy\" decoding=\"async\" class=\"alignnone size-medium wp-image-7636\" src=\"https:\/\/daritek.com\/wp-content\/uploads\/2026\/04\/Design-sans-titre-1-10-400x400.png\" alt=\"\" width=\"400\" height=\"400\" srcset=\"https:\/\/daritek.com\/wp-content\/uploads\/2026\/04\/Design-sans-titre-1-10-400x400.png 400w, https:\/\/daritek.com\/wp-content\/uploads\/2026\/04\/Design-sans-titre-1-10-280x280.png 280w, https:\/\/daritek.com\/wp-content\/uploads\/2026\/04\/Design-sans-titre-1-10-100x100.png 100w, https:\/\/daritek.com\/wp-content\/uploads\/2026\/04\/Design-sans-titre-1-10.png 500w\" sizes=\"(max-width: 400px) 100vw, 400px\" \/><\/p>\n<h3>Caract\u00e9ristiques techniques<\/h3>\n<table class=\"tech-specs\" style=\"width: 100%; border-collapse: collapse;\">\n<tbody>\n<tr>\n<th style=\"text-align: left; padding: 8px; border-bottom: 1px solid #eee;\">TYPE<\/th>\n<td style=\"padding: 8px; border-bottom: 1px solid #eee;\">Panineuse et Grill Multifonctions<\/td>\n<\/tr>\n<tr>\n<th style=\"text-align: left; padding: 8px; border-bottom: 1px solid #eee;\">Marque<\/th>\n<td style=\"padding: 8px; border-bottom: 1px solid #eee;\">SilverCrest<\/td>\n<\/tr>\n<tr>\n<th style=\"text-align: left; padding: 8px; border-bottom: 1px solid #eee;\">R\u00e9f\u00e9rence<\/th>\n<td style=\"padding: 8px; border-bottom: 1px solid #eee;\">HRW6101<\/td>\n<\/tr>\n<tr>\n<th style=\"text-align: left; padding: 8px; border-bottom: 1px solid #eee;\">Puissance<\/th>\n<td style=\"padding: 8px; border-bottom: 1px solid #eee;\">800 W<\/td>\n<\/tr>\n<tr>\n<th style=\"text-align: left; padding: 8px; border-bottom: 1px solid #eee;\">Fonctions des plaques<\/th>\n<td style=\"padding: 8px; border-bottom: 1px solid #eee;\">Panini &#8211; Gaufres &#8211; Croques<\/td>\n<\/tr>\n<tr>\n<th style=\"text-align: left; padding: 8px; border-bottom: 1px solid #eee;\">Ouverture 180\u00b0<\/th>\n<td style=\"padding: 8px; border-bottom: 1px solid #eee;\">Non<\/td>\n<\/tr>\n<tr>\n<th style=\"text-align: left; padding: 8px; border-bottom: 1px solid #eee;\">R\u00e9glage de Temp\u00e9rature<\/th>\n<td style=\"padding: 8px; border-bottom: 1px solid #eee;\">Non<\/td>\n<\/tr>\n<tr>\n<th style=\"text-align: left; padding: 8px; border-bottom: 1px solid #eee;\">Minuterie<\/th>\n<td style=\"padding: 8px; border-bottom: 1px solid #eee;\">Non<\/td>\n<\/tr>\n<tr>\n<th style=\"text-align: left; padding: 8px; border-bottom: 1px solid #eee;\">Mati\u00e8re du corps<\/th>\n<td style=\"padding: 8px; border-bottom: 1px solid #eee;\">Plastique<\/td>\n<\/tr>\n<tr>\n<th style=\"text-align: left; padding: 8px; border-bottom: 1px solid #eee;\">Couleur<\/th>\n<td style=\"padding: 8px; border-bottom: 1px solid #eee;\">Blanc \/ Noir<\/td>\n<\/tr>\n<\/tbody>\n<\/table>\n","protected":false},"excerpt":{"rendered":"<ul>\n<li data-section-id=\"lwywjb\" data-start=\"52\" data-end=\"107\"><strong data-start=\"54\" data-end=\"75\">3-en-1 polyvalent<\/strong> : paninis, gaufres et croques<\/li>\n<li data-section-id=\"a050v1\" data-start=\"108\" data-end=\"160\"><strong data-start=\"110\" data-end=\"129\">Puissance 800 W<\/strong> : cuisson rapide et homog\u00e8ne<\/li>\n<li data-section-id=\"ishf4f\" data-start=\"161\" data-end=\"242\"><strong data-start=\"163\" data-end=\"198\">Plaques amovibles antiadh\u00e9sives<\/strong> : d\u00e9moulage facile et nettoyage simplifi\u00e9<\/li>\n<li data-section-id=\"lzlvo7\" data-start=\"243\" data-end=\"312\"><strong data-start=\"245\" data-end=\"265\">Voyants lumineux<\/strong> : indication de mise en marche et de chauffe<\/li>\n<li data-section-id=\"41b9ln\" data-start=\"313\" data-end=\"386\"><strong data-start=\"315\" data-end=\"340\">S\u00e9curit\u00e9 et praticit\u00e9<\/strong> : fermeture s\u00e9curis\u00e9e et utilisation simple<\/li>\n<li data-section-id=\"rlj2cw\" data-start=\"387\" data-end=\"457\" data-is-last-node=\"\"><strong data-start=\"389\" data-end=\"407\">Design compact<\/strong> : rangement facile et usage quotidien \u00e0 la maison<\/li>\n<\/ul>\n","protected":false},"featured_media":7640,"comment_status":"open","ping_status":"closed","template":"","meta":{"_crdt_document":""},"product_brand":[740],"product_cat":[84,337,265,319],"product_tag":[],"class_list":{"0":"post-7635","1":"product","2":"type-product","3":"status-publish","4":"has-post-thumbnail","6":"product_brand-silvercrest","7":"product_cat-electromenager","8":"product_cat-gaufrier-et-crepiere","9":"product_cat-petit-electromenager","10":"product_cat-presse-a-sandwich-et-grill","12":"first","13":"instock","14":"sale","15":"shipping-taxable","16":"purchasable","17":"product-type-simple"},"_links":{"self":[{"href":"https:\/\/daritek.com\/index.php?rest_route=\/wp\/v2\/product\/7635","targetHints":{"allow":["GET"]}}],"collection":[{"href":"https:\/\/daritek.com\/index.php?rest_route=\/wp\/v2\/product"}],"about":[{"href":"https:\/\/daritek.com\/index.php?rest_route=\/wp\/v2\/types\/product"}],"replies":[{"embeddable":true,"href":"https:\/\/daritek.com\/index.php?rest_route=%2Fwp%2Fv2%2Fcomments&post=7635"}],"wp:featuredmedia":[{"embeddable":true,"href":"https:\/\/daritek.com\/index.php?rest_route=\/wp\/v2\/media\/7640"}],"wp:attachment":[{"href":"https:\/\/daritek.com\/index.php?rest_route=%2Fwp%2Fv2%2Fmedia&parent=7635"}],"wp:term":[{"taxonomy":"product_brand","embeddable":true,"href":"https:\/\/daritek.com\/index.php?rest_route=%2Fwp%2Fv2%2Fproduct_brand&post=7635"},{"taxonomy":"product_cat","embeddable":true,"href":"https:\/\/daritek.com\/index.php?rest_route=%2Fwp%2Fv2%2Fproduct_cat&post=7635"},{"taxonomy":"product_tag","embeddable":true,"href":"https:\/\/daritek.com\/index.php?rest_route=%2Fwp%2Fv2%2Fproduct_tag&post=7635"}],"curies":[{"name":"wp","href":"https:\/\/api.w.org\/{rel}","templated":true}]}}